{"id":5719,"date":"2019-05-19T22:46:43","date_gmt":"2019-05-19T20:46:43","guid":{"rendered":"https:\/\/www.prva.hr\/wp-content\/uploads\/2019\/05\/Maribor-njem._-Marburg-an-der-Drau-je-grad-u-Republici-Sloveniji-s-otprilike-113.000-stanovnika-\u0161to-ga-\u010dini-drugim-po-veli\u010dini-gradom-u-Sloveniji.jpg"},"modified":"2019-05-19T22:46:43","modified_gmt":"2019-05-19T20:46:43","slug":"maribor-njem-_-marburg-an-der-drau-je-grad-u-republici-sloveniji-s-otprilike-113-000-stanovnika-sto-ga-cini-drugim-po-velicini-gradom-u-sloveniji","status":"inherit","type":"attachment","link":"https:\/\/prva.hr\/index.php\/2019\/05\/22\/suvremena-nastava-stem-podrucja-drugi-posjet-prvoj-gimnaziji-maribor-u-sklopu-projekta-stem-na-kvadrat\/maribor-njem-_-marburg-an-der-drau-je-grad-u-republici-sloveniji-s-otprilike-113-000-stanovnika-sto-ga-cini-drugim-po-velicini-gradom-u-sloveniji\/","title":{"rendered":"Maribor (njem._ Marburg an der Drau) je grad u Republici Sloveniji, s otprilike 113.000 stanovnika, \u0161to ga \u010dini drugim po veli\u010dini gradom u Sloveniji"},"author":6,"featured_media":0,"comment_status":"closed","ping_status":"closed","template":"","meta":{"_et_pb_use_builder":"","_et_pb_old_content":"","_et_gb_content_width":""},"class_list":["post-5719","attachment","type-attachment","status-inherit","hentry"],"smush":"Nije obra\u0111eno","description":{"rendered":"<p class=\"attachment\"><a href='https:\/\/prva.hr\/wp-content\/uploads\/2019\/05\/Maribor-njem._-Marburg-an-der-Drau-je-grad-u-Republici-Sloveniji-s-otprilike-113.000-stanovnika-\u0161to-ga-\u010dini-drugim-po-veli\u010dini-gradom-u-Sloveniji-e1558298921702.jpg'><img decoding=\"async\" width=\"225\" height=\"300\" data-src=\"https:\/\/prva.hr\/wp-content\/uploads\/2019\/05\/Maribor-njem._-Marburg-an-der-Drau-je-grad-u-Republici-Sloveniji-s-otprilike-113.000-stanovnika-\u0161to-ga-\u010dini-drugim-po-veli\u010dini-gradom-u-Sloveniji-e1558298921702-225x300.jpg\" class=\"attachment-medium size-medium lazyload\" alt=\"\" data-srcset=\"https:\/\/prva.hr\/wp-content\/uploads\/2019\/05\/Maribor-njem._-Marburg-an-der-Drau-je-grad-u-Republici-Sloveniji-s-otprilike-113.000-stanovnika-\u0161to-ga-\u010dini-drugim-po-veli\u010dini-gradom-u-Sloveniji-e1558298921702-225x300.jpg 225w, https:\/\/prva.hr\/wp-content\/uploads\/2019\/05\/Maribor-njem._-Marburg-an-der-Drau-je-grad-u-Republici-Sloveniji-s-otprilike-113.000-stanovnika-\u0161to-ga-\u010dini-drugim-po-veli\u010dini-gradom-u-Sloveniji-e1558298921702-768x1024.jpg 768w\" data-sizes=\"(max-width: 225px) 100vw, 225px\" src=\"data:image\/svg+xml;base64,PHN2ZyB3aWR0aD0iMSIgaGVpZ2h0PSIxIiB4bWxucz0iaHR0cDovL3d3dy53My5vcmcvMjAwMC9zdmciPjwvc3ZnPg==\" style=\"--smush-placeholder-width: 225px; --smush-placeholder-aspect-ratio: 225\/300;\" \/><\/a><\/p>\n"},"caption":{"rendered":""},"alt_text":"","media_type":"image","mime_type":"image\/jpeg","media_details":{"width":3024,"height":4032,"file":"2019\/05\/Maribor-njem._-Marburg-an-der-Drau-je-grad-u-Republici-Sloveniji-s-otprilike-113.000-stanovnika-\u0161to-ga-\u010dini-drugim-po-veli\u010dini-gradom-u-Sloveniji-e1558298921702.jpg","sizes":{"thumbnail":{"file":"Maribor-njem._-Marburg-an-der-Drau-je-grad-u-Republici-Sloveniji-s-otprilike-113.000-stanovnika-\u0161to-ga-\u010dini-drugim-po-veli\u010dini-gradom-u-Sloveniji-e1558298921702-150x150.jpg","width":150,"height":150,"mime_type":"image\/jpeg","source_url":"https:\/\/prva.hr\/wp-content\/uploads\/2019\/05\/Maribor-njem._-Marburg-an-der-Drau-je-grad-u-Republici-Sloveniji-s-otprilike-113.000-stanovnika-\u0161to-ga-\u010dini-drugim-po-veli\u010dini-gradom-u-Sloveniji-e1558298921702-150x150.jpg"},"medium":{"file":"Maribor-njem._-Marburg-an-der-Drau-je-grad-u-Republici-Sloveniji-s-otprilike-113.000-stanovnika-\u0161to-ga-\u010dini-drugim-po-veli\u010dini-gradom-u-Sloveniji-e1558298921702-225x300.jpg","width":225,"height":300,"mime_type":"image\/jpeg","source_url":"https:\/\/prva.hr\/wp-content\/uploads\/2019\/05\/Maribor-njem._-Marburg-an-der-Drau-je-grad-u-Republici-Sloveniji-s-otprilike-113.000-stanovnika-\u0161to-ga-\u010dini-drugim-po-veli\u010dini-gradom-u-Sloveniji-e1558298921702-225x300.jpg"},"medium_large":{"file":"Maribor-njem._-Marburg-an-der-Drau-je-grad-u-Republici-Sloveniji-s-otprilike-113.000-stanovnika-\u0161to-ga-\u010dini-drugim-po-veli\u010dini-gradom-u-Sloveniji-e1558298921702-768x1024.jpg","width":768,"height":1024,"mime_type":"image\/jpeg","source_url":"https:\/\/prva.hr\/wp-content\/uploads\/2019\/05\/Maribor-njem._-Marburg-an-der-Drau-je-grad-u-Republici-Sloveniji-s-otprilike-113.000-stanovnika-\u0161to-ga-\u010dini-drugim-po-veli\u010dini-gradom-u-Sloveniji-e1558298921702-768x1024.jpg"},"large":{"file":"Maribor-njem._-Marburg-an-der-Drau-je-grad-u-Republici-Sloveniji-s-otprilike-113.000-stanovnika-\u0161to-ga-\u010dini-drugim-po-veli\u010dini-gradom-u-Sloveniji-e1558298921702-768x1024.jpg","width":768,"height":1024,"mime_type":"image\/jpeg","source_url":"https:\/\/prva.hr\/wp-content\/uploads\/2019\/05\/Maribor-njem._-Marburg-an-der-Drau-je-grad-u-Republici-Sloveniji-s-otprilike-113.000-stanovnika-\u0161to-ga-\u010dini-drugim-po-veli\u010dini-gradom-u-Sloveniji-e1558298921702-768x1024.jpg"},"university-hub-thumb":{"file":"Maribor-njem._-Marburg-an-der-Drau-je-grad-u-Republici-Sloveniji-s-otprilike-113.000-stanovnika-\u0161to-ga-\u010dini-drugim-po-veli\u010dini-gradom-u-Sloveniji-e1558298921702-225x300.jpg","width":225,"height":300,"mime_type":"image\/jpeg","source_url":"https:\/\/prva.hr\/wp-content\/uploads\/2019\/05\/Maribor-njem._-Marburg-an-der-Drau-je-grad-u-Republici-Sloveniji-s-otprilike-113.000-stanovnika-\u0161to-ga-\u010dini-drugim-po-veli\u010dini-gradom-u-Sloveniji-e1558298921702-225x300.jpg"},"full":{"file":"Maribor-njem._-Marburg-an-der-Drau-je-grad-u-Republici-Sloveniji-s-otprilike-113.000-stanovnika-\u0161to-ga-\u010dini-drugim-po-veli\u010dini-gradom-u-Sloveniji-e1558298921702.jpg","width":3024,"height":4032,"mime_type":"image\/jpeg","source_url":"https:\/\/prva.hr\/wp-content\/uploads\/2019\/05\/Maribor-njem._-Marburg-an-der-Drau-je-grad-u-Republici-Sloveniji-s-otprilike-113.000-stanovnika-\u0161to-ga-\u010dini-drugim-po-veli\u010dini-gradom-u-Sloveniji-e1558298921702.jpg"}},"image_meta":{"aperture":"0","credit":"","camera":"","caption":"","created_timestamp":"0","copyright":"","focal_length":"0","iso":"0","shutter_speed":"0","title":"","orientation":"0","keywords":[]}},"post":5714,"source_url":"https:\/\/prva.hr\/wp-content\/uploads\/2019\/05\/Maribor-njem._-Marburg-an-der-Drau-je-grad-u-Republici-Sloveniji-s-otprilike-113.000-stanovnika-\u0161to-ga-\u010dini-drugim-po-veli\u010dini-gradom-u-Sloveniji-e1558298921702.jpg","_links":{"self":[{"href":"https:\/\/prva.hr\/index.php\/wp-json\/wp\/v2\/media\/5719","targetHints":{"allow":["GET"]}}],"collection":[{"href":"https:\/\/prva.hr\/index.php\/wp-json\/wp\/v2\/media"}],"about":[{"href":"https:\/\/prva.hr\/index.php\/wp-json\/wp\/v2\/types\/attachment"}],"author":[{"embeddable":true,"href":"https:\/\/prva.hr\/index.php\/wp-json\/wp\/v2\/users\/6"}],"replies":[{"embeddable":true,"href":"https:\/\/prva.hr\/index.php\/wp-json\/wp\/v2\/comments?post=5719"}]}}

https://www.prva.hr/wp-content/uploads/2019/05/Maribor-njem._-Marburg-an-der-Drau-je-grad-u-Republici-Sloveniji-s-otprilike-113.000-stanovnika-što-ga-čini-drugim-po-veličini-gradom-u-Sloveniji.jpg

Maribor (njem._ Marburg an der Drau) je grad u Republici Sloveniji, s otprilike 113.000 stanovnika, što ga čini drugim po veličini gradom u Sloveniji

Nije obrađeno

<p class="attachment"><a href='https://prva.hr/wp-content/uploads/2019/05/Maribor-njem._-Marburg-an-der-Drau-je-grad-u-Republici-Sloveniji-s-otprilike-113.000-stanovnika-što-ga-čini-drugim-po-veličini-gradom-u-Sloveniji-e1558298921702.jpg'><img decoding="async" width="225" height="300" data-src="https://prva.hr/wp-content/uploads/2019/05/Maribor-njem._-Marburg-an-der-Drau-je-grad-u-Republici-Sloveniji-s-otprilike-113.000-stanovnika-što-ga-čini-drugim-po-veličini-gradom-u-Sloveniji-e1558298921702-225x300.jpg" class="attachment-medium size-medium lazyload" alt="" data-srcset="https://prva.hr/wp-content/uploads/2019/05/Maribor-njem._-Marburg-an-der-Drau-je-grad-u-Republici-Sloveniji-s-otprilike-113.000-stanovnika-što-ga-čini-drugim-po-veličini-gradom-u-Sloveniji-e1558298921702-225x300.jpg 225w, https://prva.hr/wp-content/uploads/2019/05/Maribor-njem._-Marburg-an-der-Drau-je-grad-u-Republici-Sloveniji-s-otprilike-113.000-stanovnika-što-ga-čini-drugim-po-veličini-gradom-u-Sloveniji-e1558298921702-768x1024.jpg 768w" data-sizes="(max-width: 225px) 100vw, 225px" src="data:image/svg+xml;base64,PHN2ZyB3aWR0aD0iMSIgaGVpZ2h0PSIxIiB4bWxucz0iaHR0cDovL3d3dy53My5vcmcvMjAwMC9zdmciPjwvc3ZnPg==" style="--smush-placeholder-width: 225px; --smush-placeholder-aspect-ratio: 225/300;" /></a></p>

2019/05/Maribor-njem._-Marburg-an-der-Drau-je-grad-u-Republici-Sloveniji-s-otprilike-113.000-stanovnika-što-ga-čini-drugim-po-veličini-gradom-u-Sloveniji-e1558298921702.jpg

Maribor-njem._-Marburg-an-der-Drau-je-grad-u-Republici-Sloveniji-s-otprilike-113.000-stanovnika-što-ga-čini-drugim-po-veličini-gradom-u-Sloveniji-e1558298921702-150x150.jpg

https://prva.hr/wp-content/uploads/2019/05/Maribor-njem._-Marburg-an-der-Drau-je-grad-u-Republici-Sloveniji-s-otprilike-113.000-stanovnika-što-ga-čini-drugim-po-veličini-gradom-u-Sloveniji-e1558298921702-150x150.jpg

Maribor-njem._-Marburg-an-der-Drau-je-grad-u-Republici-Sloveniji-s-otprilike-113.000-stanovnika-što-ga-čini-drugim-po-veličini-gradom-u-Sloveniji-e1558298921702-225x300.jpg

https://prva.hr/wp-content/uploads/2019/05/Maribor-njem._-Marburg-an-der-Drau-je-grad-u-Republici-Sloveniji-s-otprilike-113.000-stanovnika-što-ga-čini-drugim-po-veličini-gradom-u-Sloveniji-e1558298921702-225x300.jpg

Maribor-njem._-Marburg-an-der-Drau-je-grad-u-Republici-Sloveniji-s-otprilike-113.000-stanovnika-što-ga-čini-drugim-po-veličini-gradom-u-Sloveniji-e1558298921702-768x1024.jpg

https://prva.hr/wp-content/uploads/2019/05/Maribor-njem._-Marburg-an-der-Drau-je-grad-u-Republici-Sloveniji-s-otprilike-113.000-stanovnika-što-ga-čini-drugim-po-veličini-gradom-u-Sloveniji-e1558298921702-768x1024.jpg

Maribor-njem._-Marburg-an-der-Drau-je-grad-u-Republici-Sloveniji-s-otprilike-113.000-stanovnika-što-ga-čini-drugim-po-veličini-gradom-u-Sloveniji-e1558298921702.jpg

https://prva.hr/wp-content/uploads/2019/05/Maribor-njem._-Marburg-an-der-Drau-je-grad-u-Republici-Sloveniji-s-otprilike-113.000-stanovnika-što-ga-čini-drugim-po-veličini-gradom-u-Sloveniji-e1558298921702.jpg
