{"id":10916,"date":"2022-02-02T10:33:22","date_gmt":"2022-02-02T09:33:22","guid":{"rendered":"https:\/\/www.prva.hr\/?page_id=10916"},"modified":"2026-04-09T13:22:32","modified_gmt":"2026-04-09T11:22:32","slug":"politika-privatnosti","status":"publish","type":"page","link":"https:\/\/prva.hr\/index.php\/politika-privatnosti\/","title":{"rendered":"Politika privatnosti"},"content":{"rendered":"<h1>I. gimnazija<\/h1>\n<p>Avenija Dubrovnik 36, 10 010 Zagreb<\/p>\n<p>00167285641<\/p>\n<p>01\/6601 153<\/p>\n<p>ured@gimnazija-prva-zg.skole.hr<\/p>\n<p>www.prva.hr<\/p>\n<p><strong>\u00a0<\/strong><\/p>\n<p>Ovom Politikom privatnosti I. gimnazija ispitanicima pru\u017ea informacije o svrhama i pravnim osnovama obrade osobnih podataka, podatke o slu\u017ebeniku za za\u0161titu osobnih podataka, legitimnim interesima I. gimnazije kao voditelja obrade ili tre\u0107e strane, primatelje ili kategorije primatelja osobnih podataka, \u00a0\u010dinjenicu je li I. gimnazija kao voditelj obrade namjerava osobne podatke prenijeti tre\u0107oj zemlji ili me\u0111unarodnoj organizaciji, prikladne ili druge odgovaraju\u0107e mjere za\u0161tite i sigurnost osobnih podataka, razdoblje pohrane odnosno kriterije kojima se utvr\u0111uje to razdoblje te prava ispitanika.<\/p>\n<p><strong>\u00a0<\/strong><\/p>\n<p><strong>PODACI O SLU\u017dBENIKU ZA ZA\u0160TITU OSOBNIH PODATAKA<\/strong><\/p>\n<p><strong>\u00a0<\/strong><\/p>\n<p><strong>Ana-Marija Ljubljanovi\u0107<\/strong><\/p>\n<p><strong>prvagimnazijazastitapodaka@gmail.com<\/strong><\/p>\n<p><strong>01\/6601 665<\/strong><\/p>\n<p><strong>\u00a0<\/strong><\/p>\n<p><strong>\u00a0SVRHA I PRAVNI TEMELJI ZA OBRADU OSOBNIH PODATAKA<\/strong><\/p>\n<ol>\n<li><strong> Obrada osobnih podataka na temelju pravnih obveza <\/strong><strong>I. gimnazije<\/strong> <strong>kao voditelja obrade<\/strong> <strong>u smislu \u010dlanka 6. stavak 1. to\u010dke<\/strong><strong> c) <\/strong><strong>Uredbe\u00a0 (EU) 2016\/679 Europskog Parlamenta i Vije\u0107a od 27. travnja 2016. o za\u0161titi pojedinaca u vezi s obradom osobnih podataka i o slobodnom kretanju takvih podataka te o stavljanju izvan snage Direktive 95\/46\/EZ<\/strong> (dalje u tekstu: Op\u0107a uredba)<\/li>\n<\/ol>\n<p>Ve\u0107ina osobnih podataka koje obra\u0111uje I. gimnazija temelji se na zakonskoj obvezi.<\/p>\n<p>Obra\u0111ujemo osobne podatke u\u010denika i njihovih roditelja odnosno skrbnika, zaposlenika i kandidata za zasnivanje radnog odnosa, \u010dlanova \u0160kolskog odbora, \u010dlanova Vije\u0107a roditelja i drugih tijela I. gimnazije i drugih\u00a0 osoba s kojima \u0161kolska ustanova sura\u0111uje ili koji borave\u00a0 u prostorijama I. gimnazije\u00a0 odnosno koji se na drugi na\u010din smatraju ispitanicima u smislu Op\u0107e uredbe.<\/p>\n<p>Obrada osobnih podataka u\u010denika i njihovih roditelja odnosno skrbnika temelji se na Zakonu o odgoju i obrazovanju u osnovnoj i srednjoj \u0161koli, Pravilniku o pedago\u0161koj dokumentaciji i evidenciji te javnim ispravama u \u0161kolskim ustanovama, Pravilniku o kriterijima za izricanje pedago\u0161kih mjera i drugim propisima koje je I. gimnazija obvezna primjenjivati.<\/p>\n<p>Obrada osobnih podataka zaposlenika i kandidata za zasnivanje radnih odnosa temelji se na odredbama Zakona o odgoju i obrazovanju u osnovnoj i srednjoj \u0161koli, Zakonu o radu, Pravilniku o na\u010dinu i postupku zapo\u0161ljavanja u I. gimnaziji, Pravilniku o radu I. gimnazije te drugim propisima koje I. gimnazija primjenjuje.<\/p>\n<p>Obrada osobnih podataka \u010dlanova \u0160kolskog odbora, \u010dlanova Vije\u0107a roditelja i \u010dlanova drugih tijela I. gimnazije temelji se na odredbama Zakona o odgoju i obrazovanju u osnovnoj i srednjoj \u0161koli i drugih propisa.<\/p>\n<p>Obrada osobnih podataka drugih osoba s kojima I. gimnazija sura\u0111uje odnosno koji borave u I. gimnaziji temelji se na propisu odnosno pravnoj osnovi temeljem koje se obavlja suradnja odnosno potreba prikupljanja i obrade podataka temeljem propisa odnosno pravne osnove boravka osobe u I. gimnaziji.<\/p>\n<ol start=\"2\">\n<li><strong> Obrada<\/strong><strong>osobnih podataka na temelju privole odnosno suglasnosti ispitanika u smislu \u010dlanka 6. stavak 1. to\u010dke a) Op\u0107e uredbe<\/strong><\/li>\n<\/ol>\n<p>U svim slu\u010dajevima kada ne postoji druga pravna osnova za obradu osobnih podataka od ispitanika se tra\u017ei privola odnosno suglasnost za\u00a0 obradu osobnih podataka. Privola odnosno suglasnost mo\u017ee biti za jedan slu\u010daj ili za odre\u0111eno vremensko razdoblje koje je konkretno navedeno. Danu privolu odnosno suglasnost ispitanik mo\u017ee u svakom trenutku opozvati.<\/p>\n<ol start=\"3\">\n<li><strong> Obrada osobnih podataka na temelju nu\u017enosti za sklapanje i izvr\u0161avanje ugovora u smislu \u010dlanka 6. stavak. 1. to\u010dke b) Op\u0107e uredbe<\/strong><\/li>\n<\/ol>\n<p>Osobni podaci obra\u0111uju se vezano uz primjenu, sklapanje i izvr\u0161avanje ugovora te obveze koje iz njih proizlaze. Ugovori se sklapaju u skladu s odredbama Zakona o javnoj nabavi, Zakonu o obveznim odnosima ili drugim propisima. <strong>\u00a0\u00a0\u00a0\u00a0\u00a0\u00a0\u00a0\u00a0\u00a0\u00a0\u00a0\u00a0\u00a0\u00a0\u00a0\u00a0\u00a0\u00a0\u00a0\u00a0\u00a0\u00a0\u00a0\u00a0\u00a0\u00a0\u00a0\u00a0\u00a0\u00a0\u00a0\u00a0\u00a0\u00a0\u00a0\u00a0\u00a0\u00a0\u00a0\u00a0\u00a0\u00a0\u00a0\u00a0\u00a0\u00a0\u00a0\u00a0\u00a0\u00a0\u00a0\u00a0\u00a0\u00a0\u00a0\u00a0\u00a0\u00a0\u00a0\u00a0\u00a0\u00a0\u00a0\u00a0\u00a0\u00a0\u00a0\u00a0\u00a0\u00a0\u00a0\u00a0\u00a0\u00a0\u00a0\u00a0\u00a0\u00a0\u00a0\u00a0\u00a0\u00a0\u00a0\u00a0\u00a0\u00a0\u00a0\u00a0\u00a0\u00a0\u00a0\u00a0\u00a0\u00a0\u00a0\u00a0\u00a0\u00a0\u00a0\u00a0\u00a0\u00a0\u00a0\u00a0\u00a0\u00a0\u00a0\u00a0\u00a0\u00a0\u00a0\u00a0\u00a0\u00a0\u00a0\u00a0\u00a0\u00a0\u00a0\u00a0\u00a0\u00a0\u00a0\u00a0\u00a0\u00a0\u00a0\u00a0\u00a0\u00a0\u00a0\u00a0\u00a0\u00a0\u00a0\u00a0\u00a0\u00a0<\/strong><\/p>\n<ol start=\"4\">\n<li><strong>Obrada osobnih podataka na temelju nu\u017enosti za izvr\u0161avanje zada\u0107e u javnom interesu ili izvr\u0161avanja slu\u017ebenih ovlasti voditelja obrade<\/strong><strong>u smislu \u010dlanka 6. stavak 1. to\u010dke e) Op\u0107e uredbe<\/strong><\/li>\n<\/ol>\n<p>U ovom slu\u010daju obrada osobnih podataka provodi\u00a0 se kada je takva obrada nu\u017ena za izvr\u0161avanje javnih ovlasti ili obveza koje\u00a0 se provode u javnom interesu.<\/p>\n<ol start=\"5\">\n<li><strong> Obrada osobnih podataka na temelju legitimnog interesa <\/strong><strong>I. gimnazije<\/strong> <strong>u smislu \u010dlanka 6. stavak 1. to\u010dke f) Op\u0107e uredbe<\/strong><\/li>\n<\/ol>\n<p><strong>Sustav videonazdora<\/strong><\/p>\n<p>Svrha obrade: sigurnost u\u010denika i svih osoba koje borave u I. gimnaziji i za\u0161tita \u0161kolske imovine<\/p>\n<p>Sustavom videonazdora je obuhva\u0107en: ulaz i unutarnji prostor.<\/p>\n<p>Sustavom videonadzora nisu obuhva\u0107ene u\u010dionice, sanitarni prostori, uprava i drugi radni prostori.<\/p>\n<p>Prije ulaska u perimetar snimanja istaknuta je obavijest da je objekt pod videonadzorom s podacima o voditelju obrade, svrsi obrade, vrijeme \u010duvanja snimki i kontakt putem kojeg ispitanici mogu ostvariti svoja prava<\/p>\n<p>Snimke videonazdora dostavljaju se\u00a0 na zahtjev nadle\u017enih tijela (policija, sud i sl. ) temeljem posebnih propisa\u00a0 ako je to potrebno za provo\u0111enje postupka.<\/p>\n<p>\u010cuvanje snimke videonadzora je najdulje \u0161est mjeseci , iznimno dulje ako su potrebne kao dokaz u sudskom, upravnom, arbitra\u017enom ili drugom postupku.<\/p>\n<p><strong>\u00a0<\/strong><\/p>\n<p><strong>Slu\u017ebena internetska stranica www.prva.hr <\/strong><\/p>\n<p>Na slu\u017ebenoj internetskoj stranici <strong>\u0161kolske ustanove <u>www.prva.hr\u00a0\u00a0 <\/u><\/strong>koriste se tzv. \u201ckola\u010di\u0107i\u201d (cookies) &#8211; tekstualne datoteke koje na ra\u010dunalo korisnika smje\u0161ta internetski poslu\u017eitelj (server), putem kojeg davatelj usluge pristupa Internetu (ISP) prikazuje web stranicu.<\/p>\n<p>\u201eKola\u010di\u0107i\u201c \u00a0nastaju kada preglednik na ure\u0111aju korisnika u\u010dita posje\u0107eno mre\u017eno odredi\u0161te, koje potom \u0161alje podatke pregledniku te izra\u0111uje tekstualnu datoteku (kola\u010di\u0107). Preglednik dohva\u0107a i \u0161alje kola\u010di\u0107 na poslu\u017eitelj internetske stranice prilikom povratka korisnika na njega. Na na\u0161oj stranici koriste se\u00a0samo tehni\u010dki kola\u010di\u0107i (obavezni kola\u010di\u0107) koji se ne mogu isklju\u010diti i\u00a0koji su nu\u017eni za funkcioniranje Internet mjesta.<\/p>\n<p><strong>\u00a0<\/strong><\/p>\n<p><strong>\u00a0PRAVA ISPITANIKA U VEZI OBRADE OSOBNIH PODATAKA<\/strong><\/p>\n<h5>1.\u00a0\u00a0\u00a0 Pravo na pristup osobnim podacima i informacijama<\/h5>\n<h5>Imate pravo na pristup svojim osobnim podacima koje obra\u0111ujemo i mo\u017eete \u00a0zatra\u017eiti informacije o pravnom temelju i \u00a0svrsi obrade, o vrsti odnosno kategorijama osobnih podataka koje obra\u0111ujemo. Imate pravo na uvid u svoje osobne podatke, pravo na podatke o primateljima ili kategorijama primatelja i predvi\u0111enom razdoblju pohrane osobnih podataka. Pravo na pristup osobnim podacima mo\u017ee biti ograni\u010den samo u slu\u010dajevima propisanim pravom Unije ili nacionalnim zakonodavstvom ili ako se takvim ograni\u010denjem po\u0161tuju temeljna \u00a0prava i slobode drugih.<\/h5>\n<h5>2.\u00a0\u00a0\u00a0 Pravo na ispravak osobnih podataka<\/h5>\n<p>Imate pravo na ispravak osobnih podataka ako nisu to\u010dni, potpuni ili a\u017eurni. Za ispravak osobnih podataka potrebno je podnijeti pisani zahtjev\u00a0 u kojemu trebate navesti \u0161to nije valjano i dostaviti potrebne dokaze odnosno dokumentaciju.<\/p>\n<h5>3.\u00a0\u00a0\u00a0 Pravo na brisanje, osim za iznimke vezane prema \u010dlanku 17. stavkom 3. Op\u0107e uredbe<\/h5>\n<p>Pravo na brisanje mo\u017eete ostvariti u sljede\u0107im slu\u010dajevima:<\/p>\n<ul>\n<li>Ako osobni podaci vi\u0161e nisu nu\u017eni u odnosu na svrhu prikupljanja ili obrade<\/li>\n<li>Ako je povu\u010dena privola odnosno suglasnost a ne postoji druga pravna osnova<\/li>\n<li>Ako je ulo\u017een prigovor na obradu prema \u010dlanku 21. stavku 1. Op\u0107e uredbe<\/li>\n<li>Ako su osobni podaci nezakonito obra\u0111eni<\/li>\n<li>Ako se osobni podaci moraju brisati zbog pravne obveze prava Unije ili nacionalnog zakonodavstva<\/li>\n<li>Ako su osobni podaci prikupljeni\u00a0 u vezi s ponudom usluga informacijskog dru\u0161tva iz \u010dlanka 8. stavka 1. Op\u0107e uredbe<\/li>\n<\/ul>\n<p>Iznimke prema \u010dlanku 17. stavku 3. Op\u0107e uredbe<\/p>\n<ul>\n<li>Radi ostvarivanja prava na slobodu izra\u017eavanja i informiranja<\/li>\n<li>Radi po\u0161tovanja pravne obveze kojom se zahtijeva obrada u pravu Unije ili pravu kojem podlije\u017ee gimnazija kao voditelj obrade ili za izvr\u0161avanje poslova\u00a0 od javnog interesa ili izvr\u0161avanju slu\u017ebene ovlasti I. gimnazije kao voditelja obrade;<\/li>\n<\/ul>\n<ul>\n<li>U svrhu arhiviranja u javnom interesu,\u00a0 znanstvenog ili povijesnog istra\u017eivanja ili u statisti\u010dke svrhe u skladu s \u010dlankom\u00a089. stavkom\u00a01. Op\u0107e uredbe<\/li>\n<\/ul>\n<ul>\n<li>Radi postavljanja, ostvarivanja ili obrane pravnih zahtjeva<\/li>\n<\/ul>\n<h5>4.\u00a0\u00a0\u00a0 Pravo na ograni\u010davanje obrade osobnih podataka<\/h5>\n<p>Imate pravo na ograni\u010denje obrade ako:<\/p>\n<ul>\n<li>Ako osporavate to\u010dnost osobnih podataka, na razdoblje kojim se gimnaziji kao voditelju obrade omogu\u0107uje provjera to\u010dnosti osobnih podataka<\/li>\n<li>Ako je obrada nezakonita a protivite se brisanju<\/li>\n<li>Ako gimnazija kao voditelj obrade vi\u0161e ne treba Va\u0161e osobne podatke a<\/li>\n<\/ul>\n<p>tra\u017eili ste ih radi postavljanja, ostvarivanja ili obrane pravnih zahtjeva<\/p>\n<ul>\n<li>Ako ste ulo\u017eili prigovor na obradu osobnih podataka prema \u010dlanku 21. stavku 1. Op\u0107e uredbe<\/li>\n<\/ul>\n<h5>5.\u00a0\u00a0\u00a0 Pravo na prigovor<\/h5>\n<h5>Pravo na prigovor\u00a0 mo\u017eete podnijeti ako obra\u0111ujemo Va\u0161e osobne podatke u svrhu izvr\u0161avanja poslova od javnog interesa, \u00a0pri izvr\u0161avanju slu\u017ebenih ovlasti ili ako se\u00a0 prilikom obrade pozivamo na na\u0161e legitimne interese.<\/h5>\n<p>Za ostvarivanje svojih prava mo\u017eete nam se obratiti pisanim putem ili putem elektroni\u010dke po\u0161te koriste\u0107i na\u0161e kontakt podatke koji su navedeni na sljede\u0107oj poveznici www.prva.hr<\/p>\n<p><strong>DAVANJE NA KORI\u0160TENJE OSOBNIH PODATAKA<\/strong><\/p>\n<p>U skladu s propisanim zakonskim obvezama I. gimnazija obvezna je proslijediti osobne podatke drugim pravnim osobama (primateljima) kao npr. Ministarstvu znanosti i obrazovanja,\u00a0 osniva\u010du, prosvjetnoj inspekciji, lokalnoj i podru\u010dnoj upravi i samoupravi te drugoj \u0161kolskoj ustanovi temeljem njihovog zahtjeva, Hrvatskom zavodu za zapo\u0161ljavanje, Poreznoj upravi, Hrvatskom zavodu za mirovinsko osiguranje i sl.<\/p>\n<p>U skladu s potrebama provedbe posebnih propisa te u vezi potrebe provedbe odre\u0111enog postupka (sudskog, upravnog, poreznog) prema potrebi i na tra\u017eenje nadle\u017enih tijela (policija, sud i sl.) biti \u0107e omogu\u0107en uvid u dokumente i akte te videozapise ako je to nu\u017eno za provo\u0111enje istrage\u00a0 i postupka temeljem posebnih propisa.<\/p>\n<p>U odre\u0111enim slu\u010dajevima i pravnoj obvezi koja proizlazi iz nacionalnih propisa ili propisa Euro pske unije imamo obvezu proslijediti odre\u0111ene osobne podatake, a obradom osobnih podataka mo\u017ee biti obuhva\u0107en i me\u0111unarodni prijenos istih.<\/p>\n<ol>\n<li>gimnazija mo\u017ee osobne podatke proslijediti pru\u017eateljima usluga koji djeluju kao izvr\u0161itelji obrade. S navedenim izvr\u0161iteljima obrade sklapaju se ugovori u kojima je detaljno propisano postupanje s osobnim podacima, stoga isti nisu u mogu\u0107nosti bez naloga odnosno odobrenja I. gimnazije obra\u0111ivati proslije\u0111ene osobne podatke niti ih dostavljati tre\u0107im stranama.<\/li>\n<\/ol>\n<p><strong>\u00a0<\/strong><\/p>\n<p><strong>SIGURNOST OSOBNIH PODATAKA<\/strong><\/p>\n<p>Prikupljamo i obra\u0111ujemo osobne podatke na na\u010din kojim se osigurava odgovaraju\u0107a sigurnost i povjerljivost u njihovoj obradi\u00a0 te omogu\u0107avanje u\u010dinkovite primjene na\u010dela za\u0161tite podataka, smanjenje koli\u010dine podataka, opseg njihove obrade, razdoblje pohrane i njihovu dostupnost.<\/p>\n<p>Poduzimamo sve odgovaraju\u0107e tehni\u010dke i organizacijske mjere za\u0161tite kako bi sprije\u010dili slu\u010dajno ili nezakonito uni\u0161tavanje, gubitak, izmjene, neovla\u0161teno kori\u0161tenje, otkrivanje, uvid ili pristup podatcima.<\/p>\n<p>Svi zaposlenici I. gimnazije i \u010dlanovi tijela upravljanja i stru\u010dnih i drugih tijela I. gimnazije obvezuju se na \u010duvanje osobnih podataka.<\/p>\n<p>Ravnatelj\/ica i svi zaposlenici obvezni\u00a0 su kao profesionalnu tajnu odnosno kao drugu odgovaraju\u0107u vrstu tajne, sukladno zakonu kojim se ure\u0111uje tajnost podataka, \u010duvati sve osobne i druge povjerljive podatke koje saznaju u obavljanju svojih du\u017enosti. Navedena obveza traje i nakon prestanka obavljanja du\u017enosti ravnatelja\/ice odnosno nakon prestanka radnog odnosa.<\/p>\n<p><strong>\u00a0<\/strong><\/p>\n<p><strong>VREMENSKO RAZDOBLJE \u010cUVANJA OSOBNIH PODATAKA<\/strong><\/p>\n<p>Sve osobne podatke obra\u0111ujemo dok se ne ispuni svrha obrade u skladu sa zakonskim i drugim propisima.<\/p>\n<p>Nakon prestanka svrhe u koju su prikupljeni, osobne podatke ne koristimo niti obra\u0111ujemo, a oni ostaju u na\u0161em sustavu pohrane i \u010duvamo ih u skladu s propisima o \u010duvanju dokumentarnog i arhivskog gradiva.<\/p>\n<p><strong>KONTAKT INFORMACIJE<\/strong><\/p>\n<p>Za sva pitanja vezana uz obradu osobnih podataka mo\u017eete nam se obratiti<\/p>\n<p>putem na\u0161e internetske stranice na nekoj od sljede\u0107ih poveznica: www.prva.hr<\/p>\n<p><strong>PROMJENE POLITIKE PRIVATNOSTI<\/strong><\/p>\n<p>Politiku privatnosti redovito a\u017euriramo te mijenjamo u slu\u010daju potrebe promjene \u00a0sadr\u017eaja.<\/p>\n<p>O svim izmjenama i dopunama\u00a0 biti \u0107ete pravovremeno informirani putem na\u0161e internetske stranice u skladu s na\u010delom transparentnosti.<\/p>\n<p><strong>\u00a0<\/strong><\/p>\n","protected":false},"excerpt":{"rendered":"<p>I. gimnazija Avenija Dubrovnik 36, 10 010 Zagreb 00167285641 01\/6601 153 ured@gimnazija-prva-zg.skole.hr www.prva.hr \u00a0 Ovom Politikom privatnosti I. gimnazija ispitanicima pru\u017ea informacije o svrhama i pravnim osnovama obrade osobnih podataka, podatke o slu\u017ebeniku za za\u0161titu osobnih podataka, legitimnim interesima I. gimnazije kao voditelja obrade ili tre\u0107e strane, primatelje ili kategorije primatelja osobnih podataka, \u00a0\u010dinjenicu je [&hellip;]<\/p>\n","protected":false},"author":1,"featured_media":0,"parent":0,"menu_order":0,"comment_status":"closed","ping_status":"closed","template":"","meta":{"_et_pb_use_builder":"","_et_pb_old_content":"","_et_gb_content_width":"","footnotes":""},"class_list":["post-10916","page","type-page","status-publish","hentry"],"_links":{"self":[{"href":"https:\/\/prva.hr\/index.php\/wp-json\/wp\/v2\/pages\/10916","targetHints":{"allow":["GET"]}}],"collection":[{"href":"https:\/\/prva.hr\/index.php\/wp-json\/wp\/v2\/pages"}],"about":[{"href":"https:\/\/prva.hr\/index.php\/wp-json\/wp\/v2\/types\/page"}],"author":[{"embeddable":true,"href":"https:\/\/prva.hr\/index.php\/wp-json\/wp\/v2\/users\/1"}],"replies":[{"embeddable":true,"href":"https:\/\/prva.hr\/index.php\/wp-json\/wp\/v2\/comments?post=10916"}],"version-history":[{"count":2,"href":"https:\/\/prva.hr\/index.php\/wp-json\/wp\/v2\/pages\/10916\/revisions"}],"predecessor-version":[{"id":23769,"href":"https:\/\/prva.hr\/index.php\/wp-json\/wp\/v2\/pages\/10916\/revisions\/23769"}],"wp:attachment":[{"href":"https:\/\/prva.hr\/index.php\/wp-json\/wp\/v2\/media?parent=10916"}],"curies":[{"name":"wp","href":"https:\/\/api.w.org\/{rel}","templated":true}]}}