{"id":3082,"date":"2017-03-24T18:46:58","date_gmt":"2017-03-24T17:46:58","guid":{"rendered":"http:\/\/www.prva.hr\/?page_id=3082"},"modified":"2018-03-24T18:48:00","modified_gmt":"2018-03-24T17:48:00","slug":"damir-krsic","status":"publish","type":"page","link":"https:\/\/prva.hr\/index.php\/damir-krsic\/","title":{"rendered":"Damir Kr\u0161i\u0107"},"content":{"rendered":"<p><!-- [if gte mso 9]><xml> <w:WordDocument> <w:View>Normal<\/w:View> <w:Zoom>0<\/w:Zoom> <w:Compatibility> <w:BreakWrappedTables \/> <w:SnapToGridInCell \/> <w:WrapTextWithPunct \/> <w:UseAsianBreakRules \/> <\/w:Compatibility> <w:BrowserLevel>MicrosoftInternetExplorer4<\/w:BrowserLevel> <\/w:WordDocument> <\/xml><![endif]--> <!-- \/* Style Definitions *\/ p.MsoNormal, li.MsoNormal, div.MsoNormal {mso-style-parent:\"\"; margin:0in; margin-bottom:.0001pt; mso-pagination:widow-orphan; font-size:12.0pt; font-family:\"Times New Roman\"; mso-fareast-font-family:\"Times New Roman\"; mso-ansi-language:FR;} @page Section1 {size:8.5in 11.0in; margin:1.0in 1.25in 1.0in 1.25in; mso-header-margin:.5in; mso-footer-margin:.5in; mso-paper-source:0;} div.Section1 {page:Section1;} --> <!-- [if gte mso 10]> <mce:style><! \/* Style Definitions *\/ table.MsoNormalTable {mso-style-name:\"Table Normal\"; mso-tstyle-rowband-size:0; mso-tstyle-colband-size:0; mso-style-noshow:yes; mso-style-parent:\"\"; mso-padding-alt:0in 5.4pt 0in 5.4pt; mso-para-margin:0in; mso-para-margin-bottom:.0001pt; mso-pagination:widow-orphan; font-size:10.0pt; font-family:\"Times New Roman\";} --> <!--[endif] --><\/p>\n<p class=\"MsoNormal\">&#8211; ro\u0111en u Zadru 6.6.1972.<br \/>\n&#8211; osnovnu i srednju zavr\u0161io\u00a0 u Zadru<br \/>\n&#8211; u sportu od malih nogu, trenirao veslanje,rukomet i najvi\u0161e ko\u0161arku<br \/>\n&#8211; u KK&#8221;Zadar&#8221; pro\u0161ao \u0161kolu ko\u0161arke sve do kadetskog uzrasta te juniorski dio u KK&#8221;Puntamika-Borik&#8221;<br \/>\n&#8211; sudjelovao u \u0161kolskim ekipama u vi\u0161e sportova<br \/>\n&#8211; nakon vojske upisao Fakultet za fizi\u010dku kulturu (Kineziolo\u0161ki fakultet)<br \/>\n&#8211; u radu kao trener od 3. godine faksa, \u0161to u ko\u0161arci tijekom godine, \u0161to preko ljeta u kampovima<br \/>\n&#8211; kampovi &#8211; &#8220;Camp Walden&#8221;,Maine, USA, vo\u0111enje raznih sportskih aktivnosti u trajanju od 80 dana, ko\u0161arka\u0161ki kampovi u turnusima od 7 dana u Savudriji,Velom Lo\u0161inju, Ba\u0161kom polju, Visu&#8230;<br \/>\n&#8211; rad u ko\u0161arka\u0161kim klubovima (od 1995. do 2011.) &#8211; Cibonina \u0161kola ko\u0161arke &#8220;Vu\u010di\u0107i&#8221; (sel*88)-drugi u gradu Zagrebu, KK&#8221;Dubrava (kadeti i juniori)-tre\u0107i u dr\u017eavi, voditelj \u0161kole ko\u0161arke na akademiji &#8220;Aco Petrovi\u0107&#8221;, KK&#8221;Zrinjevac (kadeti), KK&#8221;Dubrava&#8221; (predkadeti)-dvostruki prvaci dr\u017eave, rad u \u0161koli ko\u0161arke KK&#8221;Cedevita&#8221;<br \/>\n&#8211; rad u ko\u0161arka\u0161kim selekcijama grada Zagreba (predselekcije dr\u017eavnim)<br \/>\n&#8211; rad kao profesor TZK u 1. gimnaziji od 2000. godine<br \/>\n&#8211; aktivan u organizaciji i vo\u0111enju vannastavnih aktivnosti 1.gimnaziji<br \/>\n&#8211; sura\u0111ujem s Kineziolo\u0161kim fakultetom oko prakse studenata na nastavi TZK (javni, individualni sat te stru\u010dna praksa)<br \/>\n&#8211; poha\u0111am stru\u010dne skupove u organizaciji Kineziolo\u0161kog fakulteta, Kineziolo\u0161kog saveza Hrvatske, Udruge trenera za fizi\u010dku pripremu, \u017dupanijskih stru\u010dnih vije\u0107a za profesore TZK, Hrvatskog ko\u0161arka\u0161kog saveza, Ko\u0161arka\u0161kog saveza grada Zagreba&#8230;<\/p>\n","protected":false},"excerpt":{"rendered":"<p>&#8211; ro\u0111en u Zadru 6.6.1972. &#8211; osnovnu i srednju zavr\u0161io\u00a0 u Zadru &#8211; u sportu od malih nogu, trenirao veslanje,rukomet i najvi\u0161e ko\u0161arku &#8211; u KK&#8221;Zadar&#8221; pro\u0161ao \u0161kolu ko\u0161arke sve do kadetskog uzrasta te juniorski dio u KK&#8221;Puntamika-Borik&#8221; &#8211; sudjelovao u \u0161kolskim ekipama u vi\u0161e sportova &#8211; nakon vojske upisao Fakultet za fizi\u010dku kulturu (Kineziolo\u0161ki [&hellip;]<\/p>\n","protected":false},"author":1,"featured_media":0,"parent":0,"menu_order":0,"comment_status":"closed","ping_status":"closed","template":"","meta":{"_et_pb_use_builder":"","_et_pb_old_content":"","_et_gb_content_width":"","footnotes":""},"class_list":["post-3082","page","type-page","status-publish","hentry"],"_links":{"self":[{"href":"https:\/\/prva.hr\/index.php\/wp-json\/wp\/v2\/pages\/3082","targetHints":{"allow":["GET"]}}],"collection":[{"href":"https:\/\/prva.hr\/index.php\/wp-json\/wp\/v2\/pages"}],"about":[{"href":"https:\/\/prva.hr\/index.php\/wp-json\/wp\/v2\/types\/page"}],"author":[{"embeddable":true,"href":"https:\/\/prva.hr\/index.php\/wp-json\/wp\/v2\/users\/1"}],"replies":[{"embeddable":true,"href":"https:\/\/prva.hr\/index.php\/wp-json\/wp\/v2\/comments?post=3082"}],"version-history":[{"count":1,"href":"https:\/\/prva.hr\/index.php\/wp-json\/wp\/v2\/pages\/3082\/revisions"}],"predecessor-version":[{"id":3083,"href":"https:\/\/prva.hr\/index.php\/wp-json\/wp\/v2\/pages\/3082\/revisions\/3083"}],"wp:attachment":[{"href":"https:\/\/prva.hr\/index.php\/wp-json\/wp\/v2\/media?parent=3082"}],"curies":[{"name":"wp","href":"https:\/\/api.w.org\/{rel}","templated":true}]}}

Damir Kršić

<p><!-- [if gte mso 9]><xml> <w:WordDocument> <w:View>Normal</w:View> <w:Zoom>0</w:Zoom> <w:Compatibility> <w:BreakWrappedTables /> <w:SnapToGridInCell /> <w:WrapTextWithPunct /> <w:UseAsianBreakRules /> </w:Compatibility> <w:BrowserLevel>MicrosoftInternetExplorer4</w:BrowserLevel> </w:WordDocument> </xml><![endif]--> <!-- /* Style Definitions */ p.MsoNormal, li.MsoNormal, div.MsoNormal {mso-style-parent:""; margin:0in; margin-bottom:.0001pt; mso-pagination:widow-orphan; font-size:12.0pt; font-family:"Times New Roman"; mso-fareast-font-family:"Times New Roman"; mso-ansi-language:FR;} @page Section1 {size:8.5in 11.0in; margin:1.0in 1.25in 1.0in 1.25in; mso-header-margin:.5in; mso-footer-margin:.5in; mso-paper-source:0;} div.Section1 {page:Section1;} --> <!-- [if gte mso 10]> <mce:style><! /* Style Definitions */ table.MsoNormalTable {mso-style-name:"Table Normal"; mso-tstyle-rowband-size:0; mso-tstyle-colband-size:0; mso-style-noshow:yes; mso-style-parent:""; mso-padding-alt:0in 5.4pt 0in 5.4pt; mso-para-margin:0in; mso-para-margin-bottom:.0001pt; mso-pagination:widow-orphan; font-size:10.0pt; font-family:"Times New Roman";} --> <!--[endif] --></p>
<p class="MsoNormal">&#8211; rođen u Zadru 6.6.1972.<br />
&#8211; osnovnu i srednju završio  u Zadru<br />
&#8211; u sportu od malih nogu, trenirao veslanje,rukomet i najviše košarku<br />
&#8211; u KK&#8221;Zadar&#8221; prošao školu košarke sve do kadetskog uzrasta te juniorski dio u KK&#8221;Puntamika-Borik&#8221;<br />
&#8211; sudjelovao u školskim ekipama u više sportova<br />
&#8211; nakon vojske upisao Fakultet za fizičku kulturu (Kineziološki fakultet)<br />
&#8211; u radu kao trener od 3. godine faksa, što u košarci tijekom godine, što preko ljeta u kampovima<br />
&#8211; kampovi &#8211; &#8220;Camp Walden&#8221;,Maine, USA, vođenje raznih sportskih aktivnosti u trajanju od 80 dana, košarkaški kampovi u turnusima od 7 dana u Savudriji,Velom Lošinju, Baškom polju, Visu&#8230;<br />
&#8211; rad u košarkaškim klubovima (od 1995. do 2011.) &#8211; Cibonina škola košarke &#8220;Vučići&#8221; (sel*88)-drugi u gradu Zagrebu, KK&#8221;Dubrava (kadeti i juniori)-treći u državi, voditelj škole košarke na akademiji &#8220;Aco Petrović&#8221;, KK&#8221;Zrinjevac (kadeti), KK&#8221;Dubrava&#8221; (predkadeti)-dvostruki prvaci države, rad u školi košarke KK&#8221;Cedevita&#8221;<br />
&#8211; rad u košarkaškim selekcijama grada Zagreba (predselekcije državnim)<br />
&#8211; rad kao profesor TZK u 1. gimnaziji od 2000. godine<br />
&#8211; aktivan u organizaciji i vođenju vannastavnih aktivnosti 1.gimnaziji<br />
&#8211; surađujem s Kineziološkim fakultetom oko prakse studenata na nastavi TZK (javni, individualni sat te stručna praksa)<br />
&#8211; pohađam stručne skupove u organizaciji Kineziološkog fakulteta, Kineziološkog saveza Hrvatske, Udruge trenera za fizičku pripremu, Županijskih stručnih vijeća za profesore TZK, Hrvatskog košarkaškog saveza, Košarkaškog saveza grada Zagreba&#8230;</p>

<p>&#8211; rođen u Zadru 6.6.1972. &#8211; osnovnu i srednju završio  u Zadru &#8211; u sportu od malih nogu, trenirao veslanje,rukomet i najviše košarku &#8211; u KK&#8221;Zadar&#8221; prošao školu košarke sve do kadetskog uzrasta te juniorski dio u KK&#8221;Puntamika-Borik&#8221; &#8211; sudjelovao u školskim ekipama u više sportova &#8211; nakon vojske upisao Fakultet za fizičku kulturu (Kineziološki [&hellip;]</p>
