{"id":3092,"date":"2017-03-24T18:54:03","date_gmt":"2017-03-24T17:54:03","guid":{"rendered":"http:\/\/www.prva.hr\/?page_id=3092"},"modified":"2018-03-24T18:54:43","modified_gmt":"2018-03-24T17:54:43","slug":"suzana-nebeski-hostic","status":"publish","type":"page","link":"https:\/\/prva.hr\/index.php\/suzana-nebeski-hostic\/","title":{"rendered":"Suzana Nebeski-Hosti\u0107"},"content":{"rendered":"<p><img decoding=\"async\" data-src=\"https:\/\/www.prva.hr\/images\/stories\/prva\/profesori\/nebeski.jpg\" alt=\"nebeski.jpg\" width=\"253\" height=\"190\" align=\"left\" border=\"0\" hspace=\"5\" vspace=\"1\" src=\"data:image\/svg+xml;base64,PHN2ZyB3aWR0aD0iMSIgaGVpZ2h0PSIxIiB4bWxucz0iaHR0cDovL3d3dy53My5vcmcvMjAwMC9zdmciPjwvc3ZnPg==\" class=\"lazyload\" style=\"--smush-placeholder-width: 253px; --smush-placeholder-aspect-ratio: 253\/190;\" \/>Studirala na zagreba\u010dkom PMF-u, smjer profesor geografije. Diplomirala 1990. godine.<\/p>\n<p>1991. zaposlila se u Dr\u017eavnom statisti\u010dkom zavodu na popisu stanovni\u0161tva i radila 1,5 godinu. 1992. godine zaposlila se u ministarstvu turizma RH kao statisti\u010dar, radila 2 mjeseca i dobila radno mjesto nastavnika zemljopisa u I. i III. gimnaziji u Zagrebu. Od 1993. godine puno radno vrijeme radi u I. gimnaziji.<\/p>\n<p>Od 1994. godine s u\u010denicima sudjeluje na svim razinama natjecanja iz geografije, redovito bila \u010dlan podru\u010dnih i \u017eupanijskih (a ponekad i dr\u017eavnih) povjerenstava za natjecanje. Ponajvi\u0161e zahvaljuju\u0107i uspjehu u\u010denika na dr\u017eavnim natjecanjima, promaknuta u zvanje mentora krajem 1998. godine.<\/p>\n<p>U slobodno vrijeme surfa po Internetu, ro\u0161tilja s prijateljima ili popravlja svoj R-4.<\/p>\n","protected":false},"excerpt":{"rendered":"<p>Studirala na zagreba\u010dkom PMF-u, smjer profesor geografije. Diplomirala 1990. godine. 1991. zaposlila se u Dr\u017eavnom statisti\u010dkom zavodu na popisu stanovni\u0161tva i radila 1,5 godinu. 1992. godine zaposlila se u ministarstvu turizma RH kao statisti\u010dar, radila 2 mjeseca i dobila radno mjesto nastavnika zemljopisa u I. i III. gimnaziji u Zagrebu. Od 1993. godine puno radno [&hellip;]<\/p>\n","protected":false},"author":1,"featured_media":0,"parent":0,"menu_order":0,"comment_status":"closed","ping_status":"closed","template":"","meta":{"_et_pb_use_builder":"","_et_pb_old_content":"","_et_gb_content_width":"","footnotes":""},"class_list":["post-3092","page","type-page","status-publish","hentry"],"_links":{"self":[{"href":"https:\/\/prva.hr\/index.php\/wp-json\/wp\/v2\/pages\/3092","targetHints":{"allow":["GET"]}}],"collection":[{"href":"https:\/\/prva.hr\/index.php\/wp-json\/wp\/v2\/pages"}],"about":[{"href":"https:\/\/prva.hr\/index.php\/wp-json\/wp\/v2\/types\/page"}],"author":[{"embeddable":true,"href":"https:\/\/prva.hr\/index.php\/wp-json\/wp\/v2\/users\/1"}],"replies":[{"embeddable":true,"href":"https:\/\/prva.hr\/index.php\/wp-json\/wp\/v2\/comments?post=3092"}],"version-history":[{"count":1,"href":"https:\/\/prva.hr\/index.php\/wp-json\/wp\/v2\/pages\/3092\/revisions"}],"predecessor-version":[{"id":3093,"href":"https:\/\/prva.hr\/index.php\/wp-json\/wp\/v2\/pages\/3092\/revisions\/3093"}],"wp:attachment":[{"href":"https:\/\/prva.hr\/index.php\/wp-json\/wp\/v2\/media?parent=3092"}],"curies":[{"name":"wp","href":"https:\/\/api.w.org\/{rel}","templated":true}]}}

Suzana Nebeski-Hostić

<p><img decoding="async" data-src="https://www.prva.hr/images/stories/prva/profesori/nebeski.jpg" alt="nebeski.jpg" width="253" height="190" align="left" border="0" hspace="5" vspace="1" src="data:image/svg+xml;base64,PHN2ZyB3aWR0aD0iMSIgaGVpZ2h0PSIxIiB4bWxucz0iaHR0cDovL3d3dy53My5vcmcvMjAwMC9zdmciPjwvc3ZnPg==" class="lazyload" style="--smush-placeholder-width: 253px; --smush-placeholder-aspect-ratio: 253/190;" />Studirala na zagrebačkom PMF-u, smjer profesor geografije. Diplomirala 1990. godine.</p>
<p>1991. zaposlila se u Državnom statističkom zavodu na popisu stanovništva i radila 1,5 godinu. 1992. godine zaposlila se u ministarstvu turizma RH kao statističar, radila 2 mjeseca i dobila radno mjesto nastavnika zemljopisa u I. i III. gimnaziji u Zagrebu. Od 1993. godine puno radno vrijeme radi u I. gimnaziji.</p>
<p>Od 1994. godine s učenicima sudjeluje na svim razinama natjecanja iz geografije, redovito bila član područnih i županijskih (a ponekad i državnih) povjerenstava za natjecanje. Ponajviše zahvaljujući uspjehu učenika na državnim natjecanjima, promaknuta u zvanje mentora krajem 1998. godine.</p>
<p>U slobodno vrijeme surfa po Internetu, roštilja s prijateljima ili popravlja svoj R-4.</p>

<p>Studirala na zagrebačkom PMF-u, smjer profesor geografije. Diplomirala 1990. godine. 1991. zaposlila se u Državnom statističkom zavodu na popisu stanovništva i radila 1,5 godinu. 1992. godine zaposlila se u ministarstvu turizma RH kao statističar, radila 2 mjeseca i dobila radno mjesto nastavnika zemljopisa u I. i III. gimnaziji u Zagrebu. Od 1993. godine puno radno [&hellip;]</p>
