{"id":3096,"date":"2017-03-24T18:58:15","date_gmt":"2017-03-24T17:58:15","guid":{"rendered":"http:\/\/www.prva.hr\/?page_id=3096"},"modified":"2018-03-24T18:59:48","modified_gmt":"2018-03-24T17:59:48","slug":"zlata-pastar","status":"publish","type":"page","link":"https:\/\/prva.hr\/index.php\/zlata-pastar\/","title":{"rendered":"Zlata Pa\u0161tar"},"content":{"rendered":"<div align=\"justify\">Ro\u0111ena u Sinju gdje je zavr\u0161ila osnovnu \u0161kolu i gimnaziju. Diplomirala sociologiju i filozofiju na Hrvatskim studijima u Zagrebu. Jo\u0161 kao apsolvent zapo\u0161ljava se kao prof. politike i gospodarstva i sociologije u \u017denskoj op\u0107oj gimnaziji Dru\u017ebe s. milosrdnica ( gdje radi i danas ). Od 2002. do danas radila je u nekoliko srednjih \u0161kola i gimnazija u Zagrebu (prof. politike i gospodarstva u Veterinarskoj \u0161koli, prof. filozofije i logike u \u0160portskoj gimnaziji, prof. etike u I. gimnaziji i XVIII gimnaziji ).<br \/>\nNekoliko godina radi kao predava\u010d na pripremnim te\u010dajevima za polaganje prijemnih ispita na fakultetima. Tijekom svog nastavni\u010dkog sta\u017ea vodila je \u0161kolske radionice te pripremala i vodila radio emisije s u\u010denicima o aktualnim dru\u0161tvenim temama.<br \/>\nOd 2009. zaposlena je u Prvoj gimnaziji kao prof. sociologije, politike i gospodarstva i etike.<br \/>\nMentor je studentima sociologije s Hrvatskih studija. Bila je \u010dlan povjerenstva u odre\u0111ivanju praga prolaznosti na ispitima dr\u017eavne mature iz sociologije u NCVVO.<br \/>\nSlobodno vrijeme voli provoditi u dru\u017eenju s prijateljima i dragim osobama,voli \u010ditati, zabavljati se, putovati i obilaziti neka nova jo\u0161 neposje\u0107ena mjesta te upoznavati nove ljude.<br \/>\nU\u017eiva u svom poslu i \u017eivotu, a \u017eivotni moto joj je: \u201e\u017divot je jedan, ne gubimo vrijeme na la\u017ene ljude i stvari, nabacimo osmijeh i \u017eivimo punim plu\u0107ima! \u201e<\/div>\n","protected":false},"excerpt":{"rendered":"<p>Ro\u0111ena u Sinju gdje je zavr\u0161ila osnovnu \u0161kolu i gimnaziju. Diplomirala sociologiju i filozofiju na Hrvatskim studijima u Zagrebu. Jo\u0161 kao apsolvent zapo\u0161ljava se kao prof. politike i gospodarstva i sociologije u \u017denskoj op\u0107oj gimnaziji Dru\u017ebe s. milosrdnica ( gdje radi i danas ). Od 2002. do danas radila je u nekoliko srednjih \u0161kola i [&hellip;]<\/p>\n","protected":false},"author":1,"featured_media":0,"parent":0,"menu_order":0,"comment_status":"closed","ping_status":"closed","template":"","meta":{"_et_pb_use_builder":"","_et_pb_old_content":"","_et_gb_content_width":"","footnotes":""},"class_list":["post-3096","page","type-page","status-publish","hentry"],"_links":{"self":[{"href":"https:\/\/prva.hr\/index.php\/wp-json\/wp\/v2\/pages\/3096","targetHints":{"allow":["GET"]}}],"collection":[{"href":"https:\/\/prva.hr\/index.php\/wp-json\/wp\/v2\/pages"}],"about":[{"href":"https:\/\/prva.hr\/index.php\/wp-json\/wp\/v2\/types\/page"}],"author":[{"embeddable":true,"href":"https:\/\/prva.hr\/index.php\/wp-json\/wp\/v2\/users\/1"}],"replies":[{"embeddable":true,"href":"https:\/\/prva.hr\/index.php\/wp-json\/wp\/v2\/comments?post=3096"}],"version-history":[{"count":1,"href":"https:\/\/prva.hr\/index.php\/wp-json\/wp\/v2\/pages\/3096\/revisions"}],"predecessor-version":[{"id":3097,"href":"https:\/\/prva.hr\/index.php\/wp-json\/wp\/v2\/pages\/3096\/revisions\/3097"}],"wp:attachment":[{"href":"https:\/\/prva.hr\/index.php\/wp-json\/wp\/v2\/media?parent=3096"}],"curies":[{"name":"wp","href":"https:\/\/api.w.org\/{rel}","templated":true}]}}

Zlata Paštar

<div align="justify">Rođena u Sinju gdje je završila osnovnu školu i gimnaziju. Diplomirala sociologiju i filozofiju na Hrvatskim studijima u Zagrebu. Još kao apsolvent zapošljava se kao prof. politike i gospodarstva i sociologije u Ženskoj općoj gimnaziji Družbe s. milosrdnica ( gdje radi i danas ). Od 2002. do danas radila je u nekoliko srednjih škola i gimnazija u Zagrebu (prof. politike i gospodarstva u Veterinarskoj školi, prof. filozofije i logike u Športskoj gimnaziji, prof. etike u I. gimnaziji i XVIII gimnaziji ).<br />
Nekoliko godina radi kao predavač na pripremnim tečajevima za polaganje prijemnih ispita na fakultetima. Tijekom svog nastavničkog staža vodila je školske radionice te pripremala i vodila radio emisije s učenicima o aktualnim društvenim temama.<br />
Od 2009. zaposlena je u Prvoj gimnaziji kao prof. sociologije, politike i gospodarstva i etike.<br />
Mentor je studentima sociologije s Hrvatskih studija. Bila je član povjerenstva u određivanju praga prolaznosti na ispitima državne mature iz sociologije u NCVVO.<br />
Slobodno vrijeme voli provoditi u druženju s prijateljima i dragim osobama,voli čitati, zabavljati se, putovati i obilaziti neka nova još neposjećena mjesta te upoznavati nove ljude.<br />
Uživa u svom poslu i životu, a životni moto joj je: „Život je jedan, ne gubimo vrijeme na lažne ljude i stvari, nabacimo osmijeh i živimo punim plućima! „</div>

<p>Rođena u Sinju gdje je završila osnovnu školu i gimnaziju. Diplomirala sociologiju i filozofiju na Hrvatskim studijima u Zagrebu. Još kao apsolvent zapošljava se kao prof. politike i gospodarstva i sociologije u Ženskoj općoj gimnaziji Družbe s. milosrdnica ( gdje radi i danas ). Od 2002. do danas radila je u nekoliko srednjih škola i [&hellip;]</p>
