{"id":3100,"date":"2017-03-24T19:01:25","date_gmt":"2017-03-24T18:01:25","guid":{"rendered":"http:\/\/www.prva.hr\/?page_id=3100"},"modified":"2018-03-24T19:01:59","modified_gmt":"2018-03-24T18:01:59","slug":"tea-prohaska","status":"publish","type":"page","link":"https:\/\/prva.hr\/index.php\/tea-prohaska\/","title":{"rendered":"Tea Prohaska"},"content":{"rendered":"<p>Ro\u0111ena u Mostaru, osnovnu \u0161kolu i gimnaziju zavr\u0161ila u Splitu. Diplomirala 1980. godine na Prirodoslovno &#8211; matemati\u010dkom fakultetu u Zagrebu, smjer eksperimentalna fizika.<br \/>\nNakon diplome kratko je volontirala na Institutu za fiziku i bila demonstrator i asistent na Veterinarskom fakultetu. \u0160kolske godine 1980.\/81. zapo\u0161ljava se kao profesor fizike u Gra\u0111evinskom obrazovnom centru. \u0160k. godine 1991.\/92. dolazi u Prvu gimnaziju. Te godine pola\u017ee i pedago\u0161ke predmete.<br \/>\nOd samog dolaska organizira rad fizikalne grupe i natjecanja iz fizike u razli\u010ditim kategorijama (rje\u0161avanje zadataka i eksperimentalni radovi).<br \/>\nOd 1997. do 2007. god. bila\u00a0 je \u010dlan \u017dupanijskoga povjerenstva za natjecanje iz fizike.<br \/>\nSudjelovala je u radu raznih povjerenstava (za programe fizike i prirodoslovlja, za ud\u017ebenike, razna natjecanja&#8230;.) Recenzirala je vi\u0161e ud\u017ebenika i priru\u010dnika iz fizike za gimnazije i suautor je ud\u017ebenika iz fizike za II. razred gimnazije.<br \/>\nDugogodi\u0161nji je mentor studentima nastavnog smjera i profesorima pripravnicima.<br \/>\nGodine 2001. promovirana je u profesora mentora, a 2007. u profesora savjetnika.<br \/>\nGodine 2002. izabrana u Upravni odbor Hrvatskoga fizikalnog dru\u0161tva \u010diji je \u010dlan bila do 2006. godine. Aktivno je sudjelovala u obilje\u017eavanju svjetske godine fizike (2005. godina) sudjeluju\u0107i u organizaciji i realizaciji projekta \u201eLjepota fizike\u201c.<br \/>\nOsim rada u redovnoj nastavi i vo\u0111enja fizikalne grupe povremeno organizira predavanja znanstvenika o temama za koje u\u010denici poka\u017eu interes.<br \/>\n\u201eMu\u010di\u201c u\u010denike\u00a0 inzistiranjem na tome da moraju misliti i konstantno upotrebljavati i vje\u017ebati \u201emale sive\u201c.<\/p>\n","protected":false},"excerpt":{"rendered":"<p>Ro\u0111ena u Mostaru, osnovnu \u0161kolu i gimnaziju zavr\u0161ila u Splitu. Diplomirala 1980. godine na Prirodoslovno &#8211; matemati\u010dkom fakultetu u Zagrebu, smjer eksperimentalna fizika. Nakon diplome kratko je volontirala na Institutu za fiziku i bila demonstrator i asistent na Veterinarskom fakultetu. \u0160kolske godine 1980.\/81. zapo\u0161ljava se kao profesor fizike u Gra\u0111evinskom obrazovnom centru. \u0160k. godine 1991.\/92. [&hellip;]<\/p>\n","protected":false},"author":1,"featured_media":0,"parent":0,"menu_order":0,"comment_status":"closed","ping_status":"closed","template":"","meta":{"_et_pb_use_builder":"","_et_pb_old_content":"","_et_gb_content_width":"","footnotes":""},"class_list":["post-3100","page","type-page","status-publish","hentry"],"_links":{"self":[{"href":"https:\/\/prva.hr\/index.php\/wp-json\/wp\/v2\/pages\/3100","targetHints":{"allow":["GET"]}}],"collection":[{"href":"https:\/\/prva.hr\/index.php\/wp-json\/wp\/v2\/pages"}],"about":[{"href":"https:\/\/prva.hr\/index.php\/wp-json\/wp\/v2\/types\/page"}],"author":[{"embeddable":true,"href":"https:\/\/prva.hr\/index.php\/wp-json\/wp\/v2\/users\/1"}],"replies":[{"embeddable":true,"href":"https:\/\/prva.hr\/index.php\/wp-json\/wp\/v2\/comments?post=3100"}],"version-history":[{"count":1,"href":"https:\/\/prva.hr\/index.php\/wp-json\/wp\/v2\/pages\/3100\/revisions"}],"predecessor-version":[{"id":3101,"href":"https:\/\/prva.hr\/index.php\/wp-json\/wp\/v2\/pages\/3100\/revisions\/3101"}],"wp:attachment":[{"href":"https:\/\/prva.hr\/index.php\/wp-json\/wp\/v2\/media?parent=3100"}],"curies":[{"name":"wp","href":"https:\/\/api.w.org\/{rel}","templated":true}]}}