{"id":3102,"date":"2017-03-24T19:02:24","date_gmt":"2017-03-24T18:02:24","guid":{"rendered":"http:\/\/www.prva.hr\/?page_id=3102"},"modified":"2018-03-24T19:02:57","modified_gmt":"2018-03-24T18:02:57","slug":"gordana-sekulic-stivcevic","status":"publish","type":"page","link":"https:\/\/prva.hr\/index.php\/gordana-sekulic-stivcevic\/","title":{"rendered":"Gordana Sekuli\u0107-\u0160tiv\u010devi\u0107"},"content":{"rendered":"<p>Gordana Sekuli\u0107-\u0160tiv\u010devi\u0107 je ro\u0111ena 26.prosinca u godini pro\u0161log stolje\u0107a.\u00a0Nakon zavr\u0161ene srednje\u00a0\u0161kole\u00a0stekla je zvanje\u00a0matemati\u010dki tehni\u010dar. Nakon srednje \u0161kole zavr\u0161ila je Elektrotehni\u010dki fakultet u Zagrebu, smjer Telekomunikacije i informatika i stekla zvanje dipl. in\u017e. elektrotehnike.<br \/>\nOd 1996. godine radi u prosvjeti s prekidima za dva porodiljna dopusta. Zavr\u0161ila je pedago\u0161ko-psiholo\u0161ku izobrazbu i metodiku nastave tehnike. Po\u010detkom 2002. godine polo\u017eila je stru\u010dni ispit za profesora informatike\/ra\u010dunalstva. Osim u I. i IV. gimnaziji jednu \u0161kolsku godinu je radila u Ekonomskoj \u0161koli u Velikoj Gorici.<br \/>\nSudjelovala je u projektu Europa u \u0161koli na Internetu (me\u0111unarodno natjecanje) kao mentor u\u010denicima. \u0160kolske godine 2003.\/2004. mentor je u\u010denicima na europskom natjecanju Join multimedia koje organizira i provodi Siemens i dr\u017eavnom natjecanju <a href=\"mailto:Login@Europe\">Login@Europe<\/a>.<\/p>\n<p>Autorica je stru\u010dne knjige FrontPage 2003, ECDL Web Starter te koautorica ud\u017ebenika za nastavu informatike.<\/p>\n<p>Godine 2008. promovirana je u zvanje profesor mentor, a 2013. u zvanje profesor savjetnik.<br \/>\nSlobodno vrijeme najradije provodi s djecom. Ako joj preostane jo\u0161 slobodnog vremena bavi se kreativnim radom (oslikavanje svile, izrada nakita od kristala, izrada keramike,&#8230;)<\/p>\n","protected":false},"excerpt":{"rendered":"<p>Gordana Sekuli\u0107-\u0160tiv\u010devi\u0107 je ro\u0111ena 26.prosinca u godini pro\u0161log stolje\u0107a.\u00a0Nakon zavr\u0161ene srednje\u00a0\u0161kole\u00a0stekla je zvanje\u00a0matemati\u010dki tehni\u010dar. Nakon srednje \u0161kole zavr\u0161ila je Elektrotehni\u010dki fakultet u Zagrebu, smjer Telekomunikacije i informatika i stekla zvanje dipl. in\u017e. elektrotehnike. Od 1996. godine radi u prosvjeti s prekidima za dva porodiljna dopusta. Zavr\u0161ila je pedago\u0161ko-psiholo\u0161ku izobrazbu i metodiku nastave tehnike. Po\u010detkom 2002. [&hellip;]<\/p>\n","protected":false},"author":1,"featured_media":0,"parent":0,"menu_order":0,"comment_status":"closed","ping_status":"closed","template":"","meta":{"_et_pb_use_builder":"","_et_pb_old_content":"","_et_gb_content_width":"","footnotes":""},"class_list":["post-3102","page","type-page","status-publish","hentry"],"_links":{"self":[{"href":"https:\/\/prva.hr\/index.php\/wp-json\/wp\/v2\/pages\/3102","targetHints":{"allow":["GET"]}}],"collection":[{"href":"https:\/\/prva.hr\/index.php\/wp-json\/wp\/v2\/pages"}],"about":[{"href":"https:\/\/prva.hr\/index.php\/wp-json\/wp\/v2\/types\/page"}],"author":[{"embeddable":true,"href":"https:\/\/prva.hr\/index.php\/wp-json\/wp\/v2\/users\/1"}],"replies":[{"embeddable":true,"href":"https:\/\/prva.hr\/index.php\/wp-json\/wp\/v2\/comments?post=3102"}],"version-history":[{"count":1,"href":"https:\/\/prva.hr\/index.php\/wp-json\/wp\/v2\/pages\/3102\/revisions"}],"predecessor-version":[{"id":3103,"href":"https:\/\/prva.hr\/index.php\/wp-json\/wp\/v2\/pages\/3102\/revisions\/3103"}],"wp:attachment":[{"href":"https:\/\/prva.hr\/index.php\/wp-json\/wp\/v2\/media?parent=3102"}],"curies":[{"name":"wp","href":"https:\/\/api.w.org\/{rel}","templated":true}]}}

Gordana Sekulić-Štivčević

<p>Gordana Sekulić-Štivčević je rođena 26.prosinca u godini prošlog stoljeća. Nakon završene srednje škole stekla je zvanje matematički tehničar. Nakon srednje škole završila je Elektrotehnički fakultet u Zagrebu, smjer Telekomunikacije i informatika i stekla zvanje dipl. inž. elektrotehnike.<br />
Od 1996. godine radi u prosvjeti s prekidima za dva porodiljna dopusta. Završila je pedagoško-psihološku izobrazbu i metodiku nastave tehnike. Početkom 2002. godine položila je stručni ispit za profesora informatike/računalstva. Osim u I. i IV. gimnaziji jednu školsku godinu je radila u Ekonomskoj školi u Velikoj Gorici.<br />
Sudjelovala je u projektu Europa u školi na Internetu (međunarodno natjecanje) kao mentor učenicima. Školske godine 2003./2004. mentor je učenicima na europskom natjecanju Join multimedia koje organizira i provodi Siemens i državnom natjecanju <a href="mailto:Login@Europe">Login@Europe</a>.</p>
<p>Autorica je stručne knjige FrontPage 2003, ECDL Web Starter te koautorica udžbenika za nastavu informatike.</p>
<p>Godine 2008. promovirana je u zvanje profesor mentor, a 2013. u zvanje profesor savjetnik.<br />
Slobodno vrijeme najradije provodi s djecom. Ako joj preostane još slobodnog vremena bavi se kreativnim radom (oslikavanje svile, izrada nakita od kristala, izrada keramike,&#8230;)</p>

<p>Gordana Sekulić-Štivčević je rođena 26.prosinca u godini prošlog stoljeća. Nakon završene srednje škole stekla je zvanje matematički tehničar. Nakon srednje škole završila je Elektrotehnički fakultet u Zagrebu, smjer Telekomunikacije i informatika i stekla zvanje dipl. inž. elektrotehnike. Od 1996. godine radi u prosvjeti s prekidima za dva porodiljna dopusta. Završila je pedagoško-psihološku izobrazbu i metodiku nastave tehnike. Početkom 2002. [&hellip;]</p>
