{"id":349,"date":"2015-06-16T06:55:21","date_gmt":"2015-06-16T04:55:21","guid":{"rendered":"http:\/\/www2.prva.hr\/?page_id=349"},"modified":"2022-05-16T08:13:57","modified_gmt":"2022-05-16T06:13:57","slug":"popis-udzbenika","status":"publish","type":"page","link":"https:\/\/prva.hr\/index.php\/popis-udzbenika\/","title":{"rendered":"POPIS UD\u017dBENIKA"},"content":{"rendered":"<p>&nbsp;<\/p>\n<p><strong>Ud\u017ebenici i pripadaju\u0107a nastavna sredstva za\u00a0 4. razrede za\u00a0 \u0161k. god. 2021.\/2022.<\/strong><\/p>\n<p>Popis odabranih ud\u017ebenika za 4. razred za\u00a0 \u0161kolsku godinu 2021.\/2022.\u00a0 mo\u017eete pogledati <a href=\"https:\/\/www.prva.hr\/wp-content\/uploads\/2021\/06\/4.razredi_Rezultati-izbora-ud\u017ebenika-21-114-501.xlsx\">ovdje<\/a><\/p>\n<p>&nbsp;<\/p>\n<p><strong>Popis odabranih ud\u017ebenika za 2. i 3. razred \u2013 \u0161kolska godina 2020.\/2021.<\/strong><\/p>\n<p>Popis odabranih ud\u017ebenika za 2. i 3. razred za \u0161kolsku godinu 2020.\/2021.\u00a0 mo\u017eete pogledati <a href=\"https:\/\/www.prva.hr\/wp-content\/uploads\/2022\/05\/Rezultati-izbora-ud\u017ebenika-21-114-501-za-web.xlsx\">ovdje<\/a><\/p>\n<p>&nbsp;<\/p>\n<p class=\"entry-title\"><strong>Popis odabranih ud\u017ebenika za 1. razred \u2013 \u0161kolska godina 2019.\/2020.<\/strong><\/p>\n<p>Popis odabranih ud\u017ebenika za 1. razred za \u0161kolsku godinu 2019.\/2020.\u00a0 mo\u017eete pogledati\u00a0<a href=\"https:\/\/www.prva.hr\/wp-content\/uploads\/2019\/07\/Rezultati-izbora-ud%C5%BEbenika-za-1.-razred-%C5%A1kolska-godina-2019.-2020..xlsx\">ovdje<\/a><\/p>\n<p>&nbsp;<\/p>\n<p>Odluku o kori\u0161tenju komercijalnih drugih obrazovnih materijala za \u0161kolsku godinu 2019.\/2020. mo\u017eete pogledati\u00a0<a href=\"https:\/\/www.prva.hr\/wp-content\/uploads\/2019\/07\/ODLUKA-O-KORI\u0160TENJU-KOMERCIJALNIH-DRUGIH-OBRAZOVNIH-MATERIJALA-1.xls\">ovdje<\/a><\/p>\n<p>&nbsp;<\/p>\n<p><strong>Ud\u017ebenici i pripadaju\u0107a nastavna sredstva za \u0161k. god. 2018.\/2019.<\/strong><\/p>\n<p>Listu odabranih ud\u017ebenika i pripadaju\u0107ih nastavnih sredstava za \u0161k. god. 2018.\/2019. mo\u017eete pogledati <a href=\"http:\/\/www.prva.hr\/images\/pdf\/Katalog%20udzbenika%20za%20skolsku%20godinu%202015.-2016..pdf\" target=\"_blank\" rel=\"noopener noreferrer\">ovdje<\/a><\/p>\n","protected":false},"excerpt":{"rendered":"<p>&nbsp; Ud\u017ebenici i pripadaju\u0107a nastavna sredstva za\u00a0 4. razrede za\u00a0 \u0161k. god. 2021.\/2022. Popis odabranih ud\u017ebenika za 4. razred za\u00a0 \u0161kolsku godinu 2021.\/2022.\u00a0 mo\u017eete pogledati ovdje &nbsp; Popis odabranih ud\u017ebenika za 2. i 3. razred \u2013 \u0161kolska godina 2020.\/2021. Popis odabranih ud\u017ebenika za 2. i 3. razred za \u0161kolsku godinu 2020.\/2021.\u00a0 mo\u017eete pogledati ovdje &nbsp; [&hellip;]<\/p>\n","protected":false},"author":1,"featured_media":0,"parent":0,"menu_order":0,"comment_status":"closed","ping_status":"closed","template":"","meta":{"_et_pb_use_builder":"","_et_pb_old_content":"","_et_gb_content_width":"","footnotes":""},"class_list":["post-349","page","type-page","status-publish","hentry"],"_links":{"self":[{"href":"https:\/\/prva.hr\/index.php\/wp-json\/wp\/v2\/pages\/349","targetHints":{"allow":["GET"]}}],"collection":[{"href":"https:\/\/prva.hr\/index.php\/wp-json\/wp\/v2\/pages"}],"about":[{"href":"https:\/\/prva.hr\/index.php\/wp-json\/wp\/v2\/types\/page"}],"author":[{"embeddable":true,"href":"https:\/\/prva.hr\/index.php\/wp-json\/wp\/v2\/users\/1"}],"replies":[{"embeddable":true,"href":"https:\/\/prva.hr\/index.php\/wp-json\/wp\/v2\/comments?post=349"}],"version-history":[{"count":16,"href":"https:\/\/prva.hr\/index.php\/wp-json\/wp\/v2\/pages\/349\/revisions"}],"predecessor-version":[{"id":11728,"href":"https:\/\/prva.hr\/index.php\/wp-json\/wp\/v2\/pages\/349\/revisions\/11728"}],"wp:attachment":[{"href":"https:\/\/prva.hr\/index.php\/wp-json\/wp\/v2\/media?parent=349"}],"curies":[{"name":"wp","href":"https:\/\/api.w.org\/{rel}","templated":true}]}}