{"id":397,"date":"2017-06-14T07:56:51","date_gmt":"2017-06-14T05:56:51","guid":{"rendered":"http:\/\/www2.prva.hr\/?page_id=397"},"modified":"2020-02-22T08:08:51","modified_gmt":"2020-02-22T07:08:51","slug":"osobni-razvoj","status":"publish","type":"page","link":"https:\/\/prva.hr\/index.php\/osobni-razvoj\/","title":{"rendered":"KREATIVNE RADIONICE"},"content":{"rendered":"<p>Kreativne radionice<\/p>\n<p>Kreativna radionica dio je tjedna namijenjen opu\u0161tanju i zabavi. U ovoj maloj skupini koja postupno raste nema mjesta za lo\u0161e misli, ve\u0107 samo za zabavu i ma\u0161tu kojoj nema granica. Uz glinu, fimo masu te mnoge druge materijale usavr\u0161avaju se razne tehnike izrade. Radionicama prisustvuje sve vi\u0161e u\u010denika te se me\u0111usobno dijele razne vje\u0161tine i znanja. Kreativnost prenosimo i u digitalni svijet te radimo prigodne plakate, videozapise i prezentacije za najavu doga\u0111anja u \u0161koli (Slo\u017ei mozaik i Prvoj, Daruj sebe ili nekog drugog, Pohvali se\u2026)<\/p>\n<p>Kreativne radionice ne odr\u017eavaju se uvijek samo u prostorijama Prve gimnazije. Katkada se u rasporedu mo\u017ee na\u0107i i posjet drugim gimnazijama kao sto je Prva Mariborska gimnazija. Planiramo nova poznanstva i dru\u017eenja. Bili smo u posjetu domu za starije Sv. Ana. Od iskusnih kreativki nau\u010dili smo se strpljenju.<\/p>\n<p>Kreativna radionica mjesto je na kojem se mo\u017ee izraziti te u\u017eivati u toploj i veseloj atmosferi u kojoj se svi osje\u0107aju i jesu dobrodo\u0161li.<\/p>\n<p>Voditeljica Gordana Sekuli\u0107-\u0160tiv\u010devi\u0107, prof.<\/p>\n<p><img decoding=\"async\" class=\"alignnone size-medium wp-image-7381 lazyload\" data-src=\"https:\/\/www.prva.hr\/wp-content\/uploads\/2020\/02\/20191218_151257-300x225.jpg\" alt=\"\" width=\"300\" height=\"225\" data-srcset=\"https:\/\/prva.hr\/wp-content\/uploads\/2020\/02\/20191218_151257-300x225.jpg 300w, https:\/\/prva.hr\/wp-content\/uploads\/2020\/02\/20191218_151257-400x300.jpg 400w, https:\/\/prva.hr\/wp-content\/uploads\/2020\/02\/20191218_151257.jpg 667w\" data-sizes=\"(max-width: 300px) 100vw, 300px\" src=\"data:image\/svg+xml;base64,PHN2ZyB3aWR0aD0iMSIgaGVpZ2h0PSIxIiB4bWxucz0iaHR0cDovL3d3dy53My5vcmcvMjAwMC9zdmciPjwvc3ZnPg==\" style=\"--smush-placeholder-width: 300px; --smush-placeholder-aspect-ratio: 300\/225;\" \/>\u00a0<img decoding=\"async\" class=\"alignnone size-medium wp-image-7382 lazyload\" data-src=\"https:\/\/www.prva.hr\/wp-content\/uploads\/2020\/02\/oki\u0107eni-bor-u-holu-\u0161kole-194x300.jpg\" alt=\"\" width=\"194\" height=\"300\" data-srcset=\"https:\/\/prva.hr\/wp-content\/uploads\/2020\/02\/oki\u0107eni-bor-u-holu-\u0161kole-194x300.jpg 194w, https:\/\/prva.hr\/wp-content\/uploads\/2020\/02\/oki\u0107eni-bor-u-holu-\u0161kole.jpg 497w\" data-sizes=\"(max-width: 194px) 100vw, 194px\" src=\"data:image\/svg+xml;base64,PHN2ZyB3aWR0aD0iMSIgaGVpZ2h0PSIxIiB4bWxucz0iaHR0cDovL3d3dy53My5vcmcvMjAwMC9zdmciPjwvc3ZnPg==\" style=\"--smush-placeholder-width: 194px; --smush-placeholder-aspect-ratio: 194\/300;\" \/><\/p>\n","protected":false},"excerpt":{"rendered":"<p>Kreativne radionice Kreativna radionica dio je tjedna namijenjen opu\u0161tanju i zabavi. U ovoj maloj skupini koja postupno raste nema mjesta za lo\u0161e misli, ve\u0107 samo za zabavu i ma\u0161tu kojoj nema granica. Uz glinu, fimo masu te mnoge druge materijale usavr\u0161avaju se razne tehnike izrade. Radionicama prisustvuje sve vi\u0161e u\u010denika te se me\u0111usobno dijele razne [&hellip;]<\/p>\n","protected":false},"author":1,"featured_media":0,"parent":0,"menu_order":0,"comment_status":"closed","ping_status":"closed","template":"","meta":{"_et_pb_use_builder":"","_et_pb_old_content":"","_et_gb_content_width":"","footnotes":""},"class_list":["post-397","page","type-page","status-publish","hentry"],"_links":{"self":[{"href":"https:\/\/prva.hr\/index.php\/wp-json\/wp\/v2\/pages\/397","targetHints":{"allow":["GET"]}}],"collection":[{"href":"https:\/\/prva.hr\/index.php\/wp-json\/wp\/v2\/pages"}],"about":[{"href":"https:\/\/prva.hr\/index.php\/wp-json\/wp\/v2\/types\/page"}],"author":[{"embeddable":true,"href":"https:\/\/prva.hr\/index.php\/wp-json\/wp\/v2\/users\/1"}],"replies":[{"embeddable":true,"href":"https:\/\/prva.hr\/index.php\/wp-json\/wp\/v2\/comments?post=397"}],"version-history":[{"count":6,"href":"https:\/\/prva.hr\/index.php\/wp-json\/wp\/v2\/pages\/397\/revisions"}],"predecessor-version":[{"id":7383,"href":"https:\/\/prva.hr\/index.php\/wp-json\/wp\/v2\/pages\/397\/revisions\/7383"}],"wp:attachment":[{"href":"https:\/\/prva.hr\/index.php\/wp-json\/wp\/v2\/media?parent=397"}],"curies":[{"name":"wp","href":"https:\/\/api.w.org\/{rel}","templated":true}]}}

<p>Kreativne radionice</p>
<p>Kreativna radionica dio je tjedna namijenjen opuštanju i zabavi. U ovoj maloj skupini koja postupno raste nema mjesta za loše misli, već samo za zabavu i maštu kojoj nema granica. Uz glinu, fimo masu te mnoge druge materijale usavršavaju se razne tehnike izrade. Radionicama prisustvuje sve više učenika te se međusobno dijele razne vještine i znanja. Kreativnost prenosimo i u digitalni svijet te radimo prigodne plakate, videozapise i prezentacije za najavu događanja u školi (Složi mozaik i Prvoj, Daruj sebe ili nekog drugog, Pohvali se…)</p>
<p>Kreativne radionice ne održavaju se uvijek samo u prostorijama Prve gimnazije. Katkada se u rasporedu može naći i posjet drugim gimnazijama kao sto je Prva Mariborska gimnazija. Planiramo nova poznanstva i druženja. Bili smo u posjetu domu za starije Sv. Ana. Od iskusnih kreativki naučili smo se strpljenju.</p>
<p>Kreativna radionica mjesto je na kojem se može izraziti te uživati u toploj i veseloj atmosferi u kojoj se svi osjećaju i jesu dobrodošli.</p>
<p>Voditeljica Gordana Sekulić-Štivčević, prof.</p>
<p><img decoding="async" class="alignnone size-medium wp-image-7381 lazyload" data-src="https://www.prva.hr/wp-content/uploads/2020/02/20191218_151257-300x225.jpg" alt="" width="300" height="225" data-srcset="https://prva.hr/wp-content/uploads/2020/02/20191218_151257-300x225.jpg 300w, https://prva.hr/wp-content/uploads/2020/02/20191218_151257-400x300.jpg 400w, https://prva.hr/wp-content/uploads/2020/02/20191218_151257.jpg 667w" data-sizes="(max-width: 300px) 100vw, 300px" src="data:image/svg+xml;base64,PHN2ZyB3aWR0aD0iMSIgaGVpZ2h0PSIxIiB4bWxucz0iaHR0cDovL3d3dy53My5vcmcvMjAwMC9zdmciPjwvc3ZnPg==" style="--smush-placeholder-width: 300px; --smush-placeholder-aspect-ratio: 300/225;" /> <img decoding="async" class="alignnone size-medium wp-image-7382 lazyload" data-src="https://www.prva.hr/wp-content/uploads/2020/02/okićeni-bor-u-holu-škole-194x300.jpg" alt="" width="194" height="300" data-srcset="https://prva.hr/wp-content/uploads/2020/02/okićeni-bor-u-holu-škole-194x300.jpg 194w, https://prva.hr/wp-content/uploads/2020/02/okićeni-bor-u-holu-škole.jpg 497w" data-sizes="(max-width: 194px) 100vw, 194px" src="data:image/svg+xml;base64,PHN2ZyB3aWR0aD0iMSIgaGVpZ2h0PSIxIiB4bWxucz0iaHR0cDovL3d3dy53My5vcmcvMjAwMC9zdmciPjwvc3ZnPg==" style="--smush-placeholder-width: 194px; --smush-placeholder-aspect-ratio: 194/300;" /></p>

<p>Kreativne radionice Kreativna radionica dio je tjedna namijenjen opuštanju i zabavi. U ovoj maloj skupini koja postupno raste nema mjesta za loše misli, već samo za zabavu i maštu kojoj nema granica. Uz glinu, fimo masu te mnoge druge materijale usavršavaju se razne tehnike izrade. Radionicama prisustvuje sve više učenika te se međusobno dijele razne [&hellip;]</p>
