{"id":400,"date":"2017-06-14T07:59:41","date_gmt":"2017-06-14T05:59:41","guid":{"rendered":"http:\/\/www2.prva.hr\/?page_id=400"},"modified":"2017-06-14T08:02:34","modified_gmt":"2017-06-14T06:02:34","slug":"ssd-prva","status":"publish","type":"page","link":"https:\/\/prva.hr\/index.php\/ssd-prva\/","title":{"rendered":"\u0160SD PRVA ili ti sportski pokret u na\u0161oj \u0161koli"},"content":{"rendered":"<p>Ako se za ijednu \u0161kolu mo\u017ee re\u0107i da \u201e\u017eivi sport\u201c onda je to zasigurno 1. gimnazija.\u00a0 Naime ponuda sportskih izvannastavnih aktivnosti\u00a0 toliko je bogata da se svaki u\u010denik mo\u017ee u ne\u010demu prona\u0107i.<\/p>\n<p>Od samog po\u010detka \u0161kolske godine u\u010denici se aktiviraju u sportskim sekcijama u kojima se ujedno priprema i nastup reprezentacija na <strong>\u017dupanijskim natjecanjima<\/strong>.\u00a0\u00a0 Na treninzima su dobrodo\u0161li svi \u2013 i oni koji treniraju (ili su trenirali) doti\u010dni sport, ali i svi drugi koji jednostavno \u017eele provesti slobodno vrijeme u dvorani i potro\u0161iti koju kaloriju vi\u0161e.<\/p>\n<p>Osobito smo ponosni na <strong>me\u0111urazredna natjecanja<\/strong> koja okupljaju ogroman broj u\u010denika. O\u010dito da adrenalin privla\u010di mlade na sportska borili\u0161ta tako da je te\u0161ko i izbrojiti broj medalja koja podijelimo za razne sportove. Natjecanja koja imaju dugu tradiciju su odbojka, nogomet, ko\u0161arka, badminton, stolni tenis, rukomet i plivanje. Sva pojedina\u010dna natjecanja objedinjujemo u borbi za naslov najsportskijeg razreda \u0161kole.<\/p>\n<p>Krajem rujna na stotine u\u010denika se uputi na <strong>planinarski pohod<\/strong> na Medvednicu \u010dime obilje\u017eavamo Svjetski dan pje\u0161\u010denja.<\/p>\n<p>Ponosni smo i na <strong>projekt BU\u0160 \u2013 biciklom u \u0161kolu<\/strong> u koji su uklju\u010deni u\u010denici i profesori, a koji ima natjecateljski, ali \u0161to je puno va\u017enije i zdravstveno \u2013 ekolo\u0161ki aspekt.<\/p>\n<p>Organizirali smo i nekoliko vrlo uspje\u0161nih biciklijada po Novom Zagrebu.<\/p>\n<p>Dakako da ovako bogati sportski \u017eivot rezultira i zapa\u017eenim rezultatima izvan \u0161kole. Najve\u0107e uspjehe ostvarili smo na <u>Dr\u017eavnim natjecanjima<\/u> u stolnom tenisu \u2013 dvostruko srebro \u017eenske reprezentacije te dvostruki naslov prvaka u badmintonu \u010dime su na\u0161i de\u010dki ostvarili i pravo nastupa na Svjetskom prvenstvu na Malti 2016. godine (i bili tamo!).<\/p>\n<p>Zbog brojnih sportskih aktivnosti na\u0161a dvorana je puna gotovo svakoga dana nakon nastave o \u010demu u\u010denici prate obavijesti na oglasnoj plo\u010di \u0160SD Prva, ali i putem plazme u holu \u0161kole.\u00a0 Raduje nas \u010dinjenica da sportska borba, zabava, navijanje i dru\u017eenje privla\u010di na\u0161e u\u010denike i da\u00a0 rado dolaze u dvoranu u slobodno vrijeme.<\/p>\n<p>&nbsp;<\/p>\n<p style=\"text-align: right;\">Meri Matu\u0161an, prof. savjetnik<\/p>\n<p>[envira-gallery id=&#8221;403&#8243;]<\/p>\n","protected":false},"excerpt":{"rendered":"<p>Ako se za ijednu \u0161kolu mo\u017ee re\u0107i da \u201e\u017eivi sport\u201c onda je to zasigurno 1. gimnazija.\u00a0 Naime ponuda sportskih izvannastavnih aktivnosti\u00a0 toliko je bogata da se svaki u\u010denik mo\u017ee u ne\u010demu prona\u0107i. Od samog po\u010detka \u0161kolske godine u\u010denici se aktiviraju u sportskim sekcijama u kojima se ujedno priprema i nastup reprezentacija na \u017dupanijskim natjecanjima.\u00a0\u00a0 Na [&hellip;]<\/p>\n","protected":false},"author":1,"featured_media":0,"parent":0,"menu_order":0,"comment_status":"closed","ping_status":"closed","template":"","meta":{"_et_pb_use_builder":"","_et_pb_old_content":"","_et_gb_content_width":"","footnotes":""},"class_list":["post-400","page","type-page","status-publish","hentry"],"_links":{"self":[{"href":"https:\/\/prva.hr\/index.php\/wp-json\/wp\/v2\/pages\/400","targetHints":{"allow":["GET"]}}],"collection":[{"href":"https:\/\/prva.hr\/index.php\/wp-json\/wp\/v2\/pages"}],"about":[{"href":"https:\/\/prva.hr\/index.php\/wp-json\/wp\/v2\/types\/page"}],"author":[{"embeddable":true,"href":"https:\/\/prva.hr\/index.php\/wp-json\/wp\/v2\/users\/1"}],"replies":[{"embeddable":true,"href":"https:\/\/prva.hr\/index.php\/wp-json\/wp\/v2\/comments?post=400"}],"version-history":[{"count":3,"href":"https:\/\/prva.hr\/index.php\/wp-json\/wp\/v2\/pages\/400\/revisions"}],"predecessor-version":[{"id":411,"href":"https:\/\/prva.hr\/index.php\/wp-json\/wp\/v2\/pages\/400\/revisions\/411"}],"wp:attachment":[{"href":"https:\/\/prva.hr\/index.php\/wp-json\/wp\/v2\/media?parent=400"}],"curies":[{"name":"wp","href":"https:\/\/api.w.org\/{rel}","templated":true}]}}