{"id":422,"date":"2017-06-14T08:15:34","date_gmt":"2017-06-14T06:15:34","guid":{"rendered":"http:\/\/www2.prva.hr\/?page_id=422"},"modified":"2017-06-14T08:15:34","modified_gmt":"2017-06-14T06:15:34","slug":"profesionalna-orijentacija-u-i-gimnaziji","status":"publish","type":"page","link":"https:\/\/prva.hr\/index.php\/profesionalna-orijentacija-u-i-gimnaziji\/","title":{"rendered":"Profesionalna orijentacija u I. gimnaziji"},"content":{"rendered":"<p>Svake godine jedna generacija maturanata nalazi se pred velikom \u017eivotnom odlukom: \u201eKoji faks upisati?\u201c. Mnogi od \u201emalih nogu\u201c to\u010dno znaju \u010dime \u0107e se jednog dana baviti, \u0161to se \u010desto do prave odluke raspline, dok neki do zadnjeg trena ne znaju \u0161to ih zanima i u \u010demu su dobri. Radi spomenutog, nekima je potrebna pomo\u0107 i podr\u0161ka kako bi osvijestili koje su njihove jake strane i na temelju toga odlu\u010dili koje \u0107e biti njihovo budu\u0107e zanimanje. <strong><em>Cilj profesionalne orijentaci<\/em><\/strong><em>je je pomo\u0107i svakom maturantu da u skladu sa svojim interesima, sposobnostima i vrijednostima izabere fakultet u kojem \u0107e ostvariti svoj puni potencijal.<\/em> Zbog toga se tijekom cijele \u0161kolske godine u suradnji s vanjskim suradnicima provode aktivnosti od strane \u0161kolske psihologinje i socijalne pedagoginje kojima se \u017eeli ostvariti taj cilj.<\/p>\n<p>Na po\u010detku \u0161kolske godine, provodi se anketa u maturantskim razredima kako bi se saznalo koje prezentacije pojedinih fakulteta bi ih zanimale, te se u skladu s iskazanim interesom odre\u0111uje raspored predavanja pojedinih fakulteta koje predstavljaju biv\u0161i u\u010denici. Na taj na\u010din maturanti mogu dobiti vrlo korisne informacije iz prve ruke o odre\u0111enom fakultetu koji ih zanima. Tako su primjerice ove \u0161kolske godine do\u0161li biv\u0161i u\u010denici \u0161kole koji su predstavljali nekoliko fakulteta: Gra\u0111evinski, Kineziolo\u0161ki, Filozofski, Medicinski, Ekonomski, Edukacijsko rehabilitacijski, Fakultet elektrotehnike i ra\u010dunalstva i Fakultet strojarstva i brodogradnje. Uz to, posjetili su nas i predstavnici Sveu\u010dili\u0161ta Sjever kao i predstavnici agencije Integral Edukacijski Programi koji su na\u0161im maturantima objasnili koja su njihova prava i povlastice studiranja u inozemstvu. Uz to, maturanti su imali prilike posjetiti i <em>12. Sajam stipendija<\/em> gdje su mogli saznati koje su mogu\u0107nosti dobivanja stipendije za vrijeme studiranja. Isto tako, imali su prilike prisustvovati <em>Smotri sveu\u010dili\u0161ta<\/em> na kojoj su mogli saznati vi\u0161e o studijskim programima, uvjetima upisa, studentskom \u017eivotu i smje\u0161taju. U listopadu pro\u0161le godine, neki u\u010denici maturantskih razreda su sudjelovali i na dvodnevnom skupu u Pore\u010du pod nazivom: <em>\u201eIstra\u017eujem svijet rada u turizmu\u201c<\/em>.<\/p>\n<p>Ukoliko u\u010denici izraze \u017eelju za dodatnom profesionalnom podr\u0161kom, imaju mogu\u0107nost posjetiti i <em>CISOK \u2013 Centar za informiranje i savjetovanje u karijeri HZZ-a<\/em> gdje educirani stru\u010dnjaci mogu pomo\u0107i onima koji ne znaju ili se dvoume koji fakultet upisati. \u00a0Stru\u010dna slu\u017eba \u0161kole stoji na raspolaganju u profesionalnom usmjeravanju i ako u\u010denik odlu\u010di promijeniti \u0161kolu, prekinuti \u0161kolovanje i sl. kako bi se osiguralo da svaki u\u010denik posjeduje to\u010dnu i pravovremenu informaciju s kojom onda mo\u017ee donijeti i valjanu odluku o svojoj budu\u0107nosti.<\/p>\n<p>Od \u0161kolske 2016.\/2017. godine oboga\u0107eni smo jo\u0161 jednim vrijednim programom koji provodi socijalna pedagoginja \u0161kole pod nazivom \u201e<em>Priprema, pozor, SAD!\u201c<\/em>, a sastoji se od \u010detiri radionice koje se provode me\u0111u zainteresiranim maturantima. U okviru spomenutog projekta u\u010denici imaju priliku upoznati se s \u00a0vje\u0161tinama upravljanja karijerom zna\u010dajnim za nastavak obrazovanja i\/ili prelazak na tr\u017ei\u0161te rada. Imaju priliku napraviti samoprocjenu (u odnosu na znanje, sposobnosti, interese, vrijednosti, uloge) te sukladno tome planirati i postaviti profesionalne ciljeve kao i unaprijediti svoje samoprezentacijske vje\u0161tine te na\u010dine (tehnike i metode) aktivnog tra\u017eenja posla. Dio sadr\u017eaja odnosi se i na prelazak te prilagodbu na studij za one u\u010denike koji planiraju nastaviti obrazovanje na visoko\u0161kolskim institucijama.<\/p>\n<p style=\"text-align: right;\">u.z. Aleksandra Huis, mag. psych<\/p>\n<p style=\"text-align: right;\">stru\u010dni suradnik \u2013 psiholog I. gimnazije<\/p>\n","protected":false},"excerpt":{"rendered":"<p>Svake godine jedna generacija maturanata nalazi se pred velikom \u017eivotnom odlukom: \u201eKoji faks upisati?\u201c. Mnogi od \u201emalih nogu\u201c to\u010dno znaju \u010dime \u0107e se jednog dana baviti, \u0161to se \u010desto do prave odluke raspline, dok neki do zadnjeg trena ne znaju \u0161to ih zanima i u \u010demu su dobri. Radi spomenutog, nekima je potrebna pomo\u0107 i [&hellip;]<\/p>\n","protected":false},"author":1,"featured_media":0,"parent":0,"menu_order":0,"comment_status":"closed","ping_status":"closed","template":"","meta":{"_et_pb_use_builder":"","_et_pb_old_content":"","_et_gb_content_width":"","footnotes":""},"class_list":["post-422","page","type-page","status-publish","hentry"],"_links":{"self":[{"href":"https:\/\/prva.hr\/index.php\/wp-json\/wp\/v2\/pages\/422","targetHints":{"allow":["GET"]}}],"collection":[{"href":"https:\/\/prva.hr\/index.php\/wp-json\/wp\/v2\/pages"}],"about":[{"href":"https:\/\/prva.hr\/index.php\/wp-json\/wp\/v2\/types\/page"}],"author":[{"embeddable":true,"href":"https:\/\/prva.hr\/index.php\/wp-json\/wp\/v2\/users\/1"}],"replies":[{"embeddable":true,"href":"https:\/\/prva.hr\/index.php\/wp-json\/wp\/v2\/comments?post=422"}],"version-history":[{"count":1,"href":"https:\/\/prva.hr\/index.php\/wp-json\/wp\/v2\/pages\/422\/revisions"}],"predecessor-version":[{"id":423,"href":"https:\/\/prva.hr\/index.php\/wp-json\/wp\/v2\/pages\/422\/revisions\/423"}],"wp:attachment":[{"href":"https:\/\/prva.hr\/index.php\/wp-json\/wp\/v2\/media?parent=422"}],"curies":[{"name":"wp","href":"https:\/\/api.w.org\/{rel}","templated":true}]}}