{"id":445,"date":"2017-06-14T08:51:07","date_gmt":"2017-06-14T06:51:07","guid":{"rendered":"http:\/\/www2.prva.hr\/?page_id=445"},"modified":"2020-10-05T09:12:41","modified_gmt":"2020-10-05T07:12:41","slug":"arhiva-dokumenata-prema-godini-maturiranja","status":"publish","type":"page","link":"https:\/\/prva.hr\/index.php\/arhiva-dokumenata-prema-godini-maturiranja\/","title":{"rendered":"ARHIVA DOKUMENATA \u2013 prema godini maturiranja"},"content":{"rendered":"<p>&nbsp;<\/p>\n<p>U\u010denici koju su maturirali od 1945. godine do 1977. godine \u00ad-&gt; <strong>I. gimnazija<\/strong><\/p>\n<p><strong>\u00a0<\/strong><\/p>\n<p>U\u010denici koji su upisani od \u0161k. god. 1977.\/78. godine do 1990.\/91. godine -&gt; <strong>Upravna \u0161kola<\/strong> (prilaz baruna Filipovi\u0107a 30, 10000, Zagreb, telefon: 01 4830 774)<\/p>\n<p>&nbsp;<\/p>\n<p>U\u010denici koji su upisani od \u0161k. god. 1991.\/92.\u00a0 nadalje -&gt; <strong>I. gimnazija<\/strong><\/p>\n<p>&nbsp;<\/p>\n<p>Duplikate svjedod\u017ebi i\/ili potvrda o polo\u017eenim ispitima dr\u017eavne mature izdaje Nacionalni centar za vanjsko vrednovanje obrazovanja.<\/p>\n","protected":false},"excerpt":{"rendered":"<p>&nbsp; U\u010denici koju su maturirali od 1945. godine do 1977. godine \u00ad-&gt; I. gimnazija \u00a0 U\u010denici koji su upisani od \u0161k. god. 1977.\/78. godine do 1990.\/91. godine -&gt; Upravna \u0161kola (prilaz baruna Filipovi\u0107a 30, 10000, Zagreb, telefon: 01 4830 774) &nbsp; U\u010denici koji su upisani od \u0161k. god. 1991.\/92.\u00a0 nadalje -&gt; I. gimnazija &nbsp; Duplikate [&hellip;]<\/p>\n","protected":false},"author":1,"featured_media":0,"parent":0,"menu_order":0,"comment_status":"closed","ping_status":"closed","template":"","meta":{"_et_pb_use_builder":"","_et_pb_old_content":"","_et_gb_content_width":"","footnotes":""},"class_list":["post-445","page","type-page","status-publish","hentry"],"_links":{"self":[{"href":"https:\/\/prva.hr\/index.php\/wp-json\/wp\/v2\/pages\/445","targetHints":{"allow":["GET"]}}],"collection":[{"href":"https:\/\/prva.hr\/index.php\/wp-json\/wp\/v2\/pages"}],"about":[{"href":"https:\/\/prva.hr\/index.php\/wp-json\/wp\/v2\/types\/page"}],"author":[{"embeddable":true,"href":"https:\/\/prva.hr\/index.php\/wp-json\/wp\/v2\/users\/1"}],"replies":[{"embeddable":true,"href":"https:\/\/prva.hr\/index.php\/wp-json\/wp\/v2\/comments?post=445"}],"version-history":[{"count":3,"href":"https:\/\/prva.hr\/index.php\/wp-json\/wp\/v2\/pages\/445\/revisions"}],"predecessor-version":[{"id":8282,"href":"https:\/\/prva.hr\/index.php\/wp-json\/wp\/v2\/pages\/445\/revisions\/8282"}],"wp:attachment":[{"href":"https:\/\/prva.hr\/index.php\/wp-json\/wp\/v2\/media?parent=445"}],"curies":[{"name":"wp","href":"https:\/\/api.w.org\/{rel}","templated":true}]}}