{"id":464,"date":"2017-06-14T09:16:47","date_gmt":"2017-06-14T07:16:47","guid":{"rendered":"http:\/\/www2.prva.hr\/?page_id=464"},"modified":"2026-01-12T08:55:42","modified_gmt":"2026-01-12T07:55:42","slug":"skolski-odbor-1-gimnazije","status":"publish","type":"page","link":"https:\/\/prva.hr\/index.php\/skolski-odbor-1-gimnazije\/","title":{"rendered":"\u0160KOLSKI ODBOR 1. GIMNAZIJE"},"content":{"rendered":"<p>[et_pb_section fb_built=&#8221;1&#8243; _builder_version=&#8221;4.16&#8243; global_colors_info=&#8221;{}&#8221;][et_pb_row _builder_version=&#8221;4.27.4&#8243; _module_preset=&#8221;default&#8221; global_colors_info=&#8221;{}&#8221;][et_pb_column type=&#8221;4_4&#8243; _builder_version=&#8221;4.27.4&#8243; _module_preset=&#8221;default&#8221; global_colors_info=&#8221;{}&#8221;][et_pb_heading title=&#8221;\u0160kolski odbor&#8221; _builder_version=&#8221;4.27.4&#8243; _module_preset=&#8221;default&#8221; global_colors_info=&#8221;{}&#8221;][\/et_pb_heading][\/et_pb_column][\/et_pb_row][et_pb_row column_structure=&#8221;3_5,2_5&#8243; _builder_version=&#8221;4.16&#8243; background_size=&#8221;initial&#8221; background_position=&#8221;top_left&#8221; background_repeat=&#8221;repeat&#8221; global_colors_info=&#8221;{}&#8221;][et_pb_column type=&#8221;3_5&#8243; _builder_version=&#8221;4.16&#8243; custom_padding=&#8221;|||&#8221; global_colors_info=&#8221;{}&#8221; custom_padding__hover=&#8221;|||&#8221;][et_pb_text _builder_version=&#8221;4.16&#8243; background_size=&#8221;initial&#8221; background_position=&#8221;top_left&#8221; background_repeat=&#8221;repeat&#8221; global_colors_info=&#8221;{}&#8221;]1) Meri Matu\u0161an, prof. \u2013 predsjednica \u0161kolskog odbora, predstavnica nastavni\u010dkog vije\u0107a<\/p>\n<p>2) Suzana Nebeski-Hosti\u0107, prof. \u2013 predstavnica nastavni\u010dkog vije\u0107a<\/p>\n<p>3) Goranka Markovi\u0107, prof. \u2013 predstavnica vije\u0107a radnika<\/p>\n<p>4) Vesna Ozreti\u0107 \u2013 predstavnik vije\u0107a roditelja<\/p>\n<p>5) Mirjana Radakovi\u0107 \u2013 predstavnik osniva\u010da<\/p>\n<p>6)\u00a0 Marija Lui\u0107 &#8211; predstavnik osniva\u010da<\/p>\n<p>7)\u00a0 Nino Bui\u0107 \u2013 predstavnik osniva\u010da<\/p>\n<p><a href=\"https:\/\/www.prva.hr\/wp-content\/uploads\/2022\/06\/Obavijest-Nino-Bui\u0107-sukob-interesa.docx\">Obavijest Nino Bui\u0107 sukob interesa<\/a>[\/et_pb_text][\/et_pb_column][et_pb_column type=&#8221;2_5&#8243; _builder_version=&#8221;4.16&#8243; custom_padding=&#8221;|||&#8221; global_colors_info=&#8221;{}&#8221; custom_padding__hover=&#8221;|||&#8221;][et_pb_toggle title=&#8221;SJEDNICE &#8211; POZIVI&#8221; _builder_version=&#8221;4.27.4&#8243; _module_preset=&#8221;default&#8221; hover_enabled=&#8221;0&#8243; global_colors_info=&#8221;{}&#8221; sticky_enabled=&#8221;0&#8243;]<\/p>\n<p>Poziv na 5. sjednicu\u00a0 \u0160kolskog odbora I. gimnazije, Zagreb, Avenija Dubrovnik 36, a koja \u0107e se odr\u017eati <strong>u \u010detvrtak,<\/strong> <strong>30. 10. 2025. godine s po\u010detkom u 18:30 sati u prostorijama \u0160kole. (<a href=\"https:\/\/prva.hr\/wp-content\/uploads\/2026\/01\/poziv_na_5_sjednicu_30_10_25_u_18_30.docx\" target=\"_blank\" rel=\"noopener\">Poziv preuzmite ovdje<\/a>)<\/strong><\/p>\n<p><strong><\/strong><\/p>\n<p>Poziv na 4. sjednicu\u00a0 \u0160kolskog odbora I. gimnazije, Zagreb, Avenija Dubrovnik 36, a koja \u0107e se odr\u017eati <strong>u utorak,<\/strong> <strong>30. 9. 2025. godine s po\u010detkom u 18:30 sati u prostorijama \u0160kole. (<a href=\"https:\/\/prva.hr\/wp-content\/uploads\/2026\/01\/poziv_na_4_sjednicu_30_9_25_u_18_30.docx\" target=\"_blank\" rel=\"noopener\">Poziv preuzmite ovdje<\/a>)<\/strong><\/p>\n<p><strong><\/strong><\/p>\n<p>Poziv na 3. sjednicu\u00a0 \u0160kolskog odbora I. gimnazije, Zagreb, Avenija Dubrovnik 36, a koja \u0107e se odr\u017eati <strong>u utorak,<\/strong> <strong>29. 7. 2025. godine s po\u010detkom u 11:00 sati. (<a href=\"https:\/\/prva.hr\/wp-content\/uploads\/2026\/01\/poziv_na_3_sjednicu_29_7_25_u_11_00.docx\" target=\"_blank\" rel=\"noopener\">Poziv preuzmite ovdje<\/a>)<\/strong><\/p>\n<p><strong><\/strong><\/p>\n<p>Poziv na 2. sjednicu\u00a0 \u0160kolskog odbora I. gimnazije, Zagreb, Avenija Dubrovnik 36, a koja \u0107e se odr\u017eati <strong>u \u010detvrtak,<\/strong> <strong>12. 6. 2025. godine s po\u010detkom u 14:00 sati u prostorijama \u0160kole.\u00a0 (<a href=\"https:\/\/prva.hr\/wp-content\/uploads\/2026\/01\/poziv_na_2_sjednicu_12_6_25_u_14_00.docx\" target=\"_blank\" rel=\"noopener\">Poziv preuzmite ovdje<\/a>)<\/strong><\/p>\n<p><strong><\/strong><\/p>\n<p>Poziv na 1. konstituiraju\u0107u sjednicu\u00a0 \u0160kolskog odbora I. gimnazije, Zagreb, Avenija Dubrovnik 36, a koja \u0107e se odr\u017eati <strong>u petak,<\/strong> <strong>14. o\u017eujka 2025. godine s po\u010detkom u 16:30 sati u prostorijama \u0160kole (<a href=\"https:\/\/prva.hr\/wp-content\/uploads\/2026\/01\/Poziv_za_1_sjednicu_konstituirajucu.docx\" target=\"_blank\" rel=\"noopener\">Poziv preuzmite ovdje<\/a>)<\/strong><\/p>\n<p>&nbsp;<\/p>\n<p>&nbsp;<\/p>\n<p>[\/et_pb_toggle][et_pb_toggle title=&#8221;SJEDNICE &#8211; ZAKLJU\u010cCI&#8221; _builder_version=&#8221;4.27.4&#8243; _module_preset=&#8221;default&#8221; hover_enabled=&#8221;0&#8243; global_colors_info=&#8221;{}&#8221; sticky_enabled=&#8221;0&#8243;]<\/p>\n<p><strong>Zaklju\u010dci 5. sjednice \u0160kolskog odbora I. gimnazije<\/strong>u Zagrebu, Avenija Dubrovnik 36, odr\u017eane dana 30. listopada 2025. godine s po\u010detkom u <strong>18:30 sati.<\/strong> <strong>(<a href=\"https:\/\/prva.hr\/wp-content\/uploads\/2026\/01\/Zakljucci_5_sjednice_SO_2025.docx\" target=\"_blank\" rel=\"noopener\">Zaklju\u010dak preuzmite ovdje<\/a>)<\/strong><\/p>\n<p><strong>Zaklju\u010dci 4. <\/strong><strong>sjednice<\/strong> <strong>\u0160kolskog odbora I. gimnazije<\/strong> u Zagrebu, Avenija Dubrovnik 36, odr\u017eane dana <strong>30.<\/strong><strong> rujna 2025. <\/strong>godine s po\u010detkom u <strong>18:30 sati.<\/strong> <strong>(<a href=\"https:\/\/prva.hr\/wp-content\/uploads\/2026\/01\/Zakljucci_4_sjednice_SO_2025.docx\" target=\"_blank\" rel=\"noopener\">Zaklju\u010dak preuzmite ovdje<\/a>)<\/strong><\/p>\n<p><strong>Zaklju\u010dci 3.<\/strong><strong>\u00a0sjednice \u0160kolskog odbora I. gimnazije<\/strong>u Zagrebu, Avenija Dubrovnik 36, odr\u017eane dana 29. srpnja 2025. godine s po\u010detkom u <strong>11:00 sati.<\/strong> <strong>(<a href=\"https:\/\/prva.hr\/wp-content\/uploads\/2026\/01\/Zakljucci_3_sjednice_SO_2025.docx\" target=\"_blank\" rel=\"noopener\">Zaklju\u010dak preuzmite ovdje<\/a>)<\/strong><\/p>\n<p><strong>Zaklju\u010dci 2.<\/strong><strong> sjednice<\/strong> <strong>\u0160kolskog odbora I. gimnazije<\/strong> u Zagrebu, Avenija Dubrovnik 36, odr\u017eane dana 1<strong>2. lipnja 2025. <\/strong>godine s po\u010detkom u <strong>14:00 sati<\/strong> u prostorijama \u0160kole. <strong>(<a href=\"https:\/\/prva.hr\/wp-content\/uploads\/2026\/01\/Zakljucci_2_sjednice_SO_2025.docx\" target=\"_blank\" rel=\"noopener\">Zaklju\u010dak preuzmite ovdje<\/a>)<\/strong><\/p>\n<p><strong>Zaklju\u010dci 1. konstituiraju\u0107e sjednice<\/strong> <strong>\u0160kolskog odbora I. gimnazije<\/strong> u Zagrebu, Avenija Dubrovnik 36, odr\u017eane dana 1<strong>4. o\u017eujka 2025. <\/strong>godine s po\u010detkom u <strong>16:30 sati<\/strong> u prostorijama \u0160kole. <strong>(<a href=\"https:\/\/prva.hr\/wp-content\/uploads\/2026\/01\/Zakljucci_1_sjednice_Skolskog.docx\" target=\"_blank\" rel=\"noopener\">Zaklju\u010dak preuzmite ovdje<\/a>)<\/strong><\/p>\n<p>[\/et_pb_toggle][\/et_pb_column][\/et_pb_row][\/et_pb_section]<\/p>\n","protected":false},"excerpt":{"rendered":"<p>1) Meri Matu\u0161an, prof. \u2013 predsjednica \u0161kolskog odbora, predstavnica nastavni\u010dkog vije\u0107a 2) Suzana Nebeski-Hosti\u0107, prof. \u2013 predstavnica nastavni\u010dkog vije\u0107a 3) Goranka Markovi\u0107, prof. \u2013 predstavnica vije\u0107a radnika 4) Vesna Ozreti\u0107 \u2013 predstavnik vije\u0107a roditelja 5) Mirjana Radakovi\u0107 \u2013 predstavnik osniva\u010da 6)\u00a0 Marija Lui\u0107 &#8211; predstavnik osniva\u010da 7)\u00a0 Nino Bui\u0107 \u2013 predstavnik osniva\u010da Obavijest Nino Bui\u0107 [&hellip;]<\/p>\n","protected":false},"author":1,"featured_media":0,"parent":0,"menu_order":0,"comment_status":"closed","ping_status":"closed","template":"","meta":{"_et_pb_use_builder":"on","_et_pb_old_content":"1) Meri Matu\u0161an, prof. \u2013 predsjednica \u0161kolskog odbora, predstavnica nastavni\u010dkog vije\u0107a\n\n2) Suzana Nebeski-Hosti\u0107, prof. \u2013 predstavnica nastavni\u010dkog vije\u0107a\n\n3) Goranka Markovi\u0107, prof. \u2013 predstavnica vije\u0107a radnika\n\n4) Vesna Ozreti\u0107 \u2013 predstavnik vije\u0107a roditelja\n\n5) Mirjana Radakovi\u0107 \u2013 predstavnik osniva\u010da\n\n6)\u00a0 Marija Lui\u0107 - predstavnik osniva\u010da\n\n7)\u00a0 Nino Bui\u0107 \u2013 predstavnik osniva\u010da\n\n<a href=\"https:\/\/www.prva.hr\/wp-content\/uploads\/2022\/06\/Obavijest-Nino-Bui\u0107-sukob-interesa.docx\">Obavijest Nino Bui\u0107 sukob interesa<\/a>","_et_gb_content_width":"","footnotes":""},"class_list":["post-464","page","type-page","status-publish","hentry"],"_links":{"self":[{"href":"https:\/\/prva.hr\/index.php\/wp-json\/wp\/v2\/pages\/464","targetHints":{"allow":["GET"]}}],"collection":[{"href":"https:\/\/prva.hr\/index.php\/wp-json\/wp\/v2\/pages"}],"about":[{"href":"https:\/\/prva.hr\/index.php\/wp-json\/wp\/v2\/types\/page"}],"author":[{"embeddable":true,"href":"https:\/\/prva.hr\/index.php\/wp-json\/wp\/v2\/users\/1"}],"replies":[{"embeddable":true,"href":"https:\/\/prva.hr\/index.php\/wp-json\/wp\/v2\/comments?post=464"}],"version-history":[{"count":19,"href":"https:\/\/prva.hr\/index.php\/wp-json\/wp\/v2\/pages\/464\/revisions"}],"predecessor-version":[{"id":22725,"href":"https:\/\/prva.hr\/index.php\/wp-json\/wp\/v2\/pages\/464\/revisions\/22725"}],"wp:attachment":[{"href":"https:\/\/prva.hr\/index.php\/wp-json\/wp\/v2\/media?parent=464"}],"curies":[{"name":"wp","href":"https:\/\/api.w.org\/{rel}","templated":true}]}}

ŠKOLSKI ODBOR 1. GIMNAZIJE

<p>[et_pb_section fb_built=&#8221;1&#8243; _builder_version=&#8221;4.16&#8243; global_colors_info=&#8221;{}&#8221;][et_pb_row _builder_version=&#8221;4.27.4&#8243; _module_preset=&#8221;default&#8221; global_colors_info=&#8221;{}&#8221;][et_pb_column type=&#8221;4_4&#8243; _builder_version=&#8221;4.27.4&#8243; _module_preset=&#8221;default&#8221; global_colors_info=&#8221;{}&#8221;][et_pb_heading title=&#8221;Školski odbor&#8221; _builder_version=&#8221;4.27.4&#8243; _module_preset=&#8221;default&#8221; global_colors_info=&#8221;{}&#8221;][/et_pb_heading][/et_pb_column][/et_pb_row][et_pb_row column_structure=&#8221;3_5,2_5&#8243; _builder_version=&#8221;4.16&#8243; background_size=&#8221;initial&#8221; background_position=&#8221;top_left&#8221; background_repeat=&#8221;repeat&#8221; global_colors_info=&#8221;{}&#8221;][et_pb_column type=&#8221;3_5&#8243; _builder_version=&#8221;4.16&#8243; custom_padding=&#8221;|||&#8221; global_colors_info=&#8221;{}&#8221; custom_padding__hover=&#8221;|||&#8221;][et_pb_text _builder_version=&#8221;4.16&#8243; background_size=&#8221;initial&#8221; background_position=&#8221;top_left&#8221; background_repeat=&#8221;repeat&#8221; global_colors_info=&#8221;{}&#8221;]1) Meri Matušan, prof. – predsjednica školskog odbora, predstavnica nastavničkog vijeća</p>
<p>2) Suzana Nebeski-Hostić, prof. – predstavnica nastavničkog vijeća</p>
<p>3) Goranka Marković, prof. – predstavnica vijeća radnika</p>
<p>4) Vesna Ozretić – predstavnik vijeća roditelja</p>
<p>5) Mirjana Radaković – predstavnik osnivača</p>
<p>6)  Marija Luić &#8211; predstavnik osnivača</p>
<p>7)  Nino Buić – predstavnik osnivača</p>
<p><a href="https://www.prva.hr/wp-content/uploads/2022/06/Obavijest-Nino-Buić-sukob-interesa.docx">Obavijest Nino Buić sukob interesa</a>[/et_pb_text][/et_pb_column][et_pb_column type=&#8221;2_5&#8243; _builder_version=&#8221;4.16&#8243; custom_padding=&#8221;|||&#8221; global_colors_info=&#8221;{}&#8221; custom_padding__hover=&#8221;|||&#8221;][et_pb_toggle title=&#8221;SJEDNICE &#8211; POZIVI&#8221; _builder_version=&#8221;4.27.4&#8243; _module_preset=&#8221;default&#8221; hover_enabled=&#8221;0&#8243; global_colors_info=&#8221;{}&#8221; sticky_enabled=&#8221;0&#8243;]</p>
<p>Poziv na 5. sjednicu  Školskog odbora I. gimnazije, Zagreb, Avenija Dubrovnik 36, a koja će se održati <strong>u četvrtak,</strong> <strong>30. 10. 2025. godine s početkom u 18:30 sati u prostorijama Škole. (<a href="https://prva.hr/wp-content/uploads/2026/01/poziv_na_5_sjednicu_30_10_25_u_18_30.docx" target="_blank" rel="noopener">Poziv preuzmite ovdje</a>)</strong></p>
<p><strong></strong></p>
<p>Poziv na 4. sjednicu  Školskog odbora I. gimnazije, Zagreb, Avenija Dubrovnik 36, a koja će se održati <strong>u utorak,</strong> <strong>30. 9. 2025. godine s početkom u 18:30 sati u prostorijama Škole. (<a href="https://prva.hr/wp-content/uploads/2026/01/poziv_na_4_sjednicu_30_9_25_u_18_30.docx" target="_blank" rel="noopener">Poziv preuzmite ovdje</a>)</strong></p>
<p><strong></strong></p>
<p>Poziv na 3. sjednicu  Školskog odbora I. gimnazije, Zagreb, Avenija Dubrovnik 36, a koja će se održati <strong>u utorak,</strong> <strong>29. 7. 2025. godine s početkom u 11:00 sati. (<a href="https://prva.hr/wp-content/uploads/2026/01/poziv_na_3_sjednicu_29_7_25_u_11_00.docx" target="_blank" rel="noopener">Poziv preuzmite ovdje</a>)</strong></p>
<p><strong></strong></p>
<p>Poziv na 2. sjednicu  Školskog odbora I. gimnazije, Zagreb, Avenija Dubrovnik 36, a koja će se održati <strong>u četvrtak,</strong> <strong>12. 6. 2025. godine s početkom u 14:00 sati u prostorijama Škole.  (<a href="https://prva.hr/wp-content/uploads/2026/01/poziv_na_2_sjednicu_12_6_25_u_14_00.docx" target="_blank" rel="noopener">Poziv preuzmite ovdje</a>)</strong></p>
<p><strong></strong></p>
<p>Poziv na 1. konstituirajuću sjednicu  Školskog odbora I. gimnazije, Zagreb, Avenija Dubrovnik 36, a koja će se održati <strong>u petak,</strong> <strong>14. ožujka 2025. godine s početkom u 16:30 sati u prostorijama Škole (<a href="https://prva.hr/wp-content/uploads/2026/01/Poziv_za_1_sjednicu_konstituirajucu.docx" target="_blank" rel="noopener">Poziv preuzmite ovdje</a>)</strong></p>
<p>&nbsp;</p>
<p>&nbsp;</p>
<p>[/et_pb_toggle][et_pb_toggle title=&#8221;SJEDNICE &#8211; ZAKLJUČCI&#8221; _builder_version=&#8221;4.27.4&#8243; _module_preset=&#8221;default&#8221; hover_enabled=&#8221;0&#8243; global_colors_info=&#8221;{}&#8221; sticky_enabled=&#8221;0&#8243;]</p>
<p><strong>Zaključci 5. sjednice Školskog odbora I. gimnazije</strong>u Zagrebu, Avenija Dubrovnik 36, održane dana 30. listopada 2025. godine s početkom u <strong>18:30 sati.</strong> <strong>(<a href="https://prva.hr/wp-content/uploads/2026/01/Zakljucci_5_sjednice_SO_2025.docx" target="_blank" rel="noopener">Zaključak preuzmite ovdje</a>)</strong></p>
<p><strong>Zaključci 4. </strong><strong>sjednice</strong> <strong>Školskog odbora I. gimnazije</strong> u Zagrebu, Avenija Dubrovnik 36, održane dana <strong>30.</strong><strong> rujna 2025. </strong>godine s početkom u <strong>18:30 sati.</strong> <strong>(<a href="https://prva.hr/wp-content/uploads/2026/01/Zakljucci_4_sjednice_SO_2025.docx" target="_blank" rel="noopener">Zaključak preuzmite ovdje</a>)</strong></p>
<p><strong>Zaključci 3.</strong><strong> sjednice Školskog odbora I. gimnazije</strong>u Zagrebu, Avenija Dubrovnik 36, održane dana 29. srpnja 2025. godine s početkom u <strong>11:00 sati.</strong> <strong>(<a href="https://prva.hr/wp-content/uploads/2026/01/Zakljucci_3_sjednice_SO_2025.docx" target="_blank" rel="noopener">Zaključak preuzmite ovdje</a>)</strong></p>
<p><strong>Zaključci 2.</strong><strong> sjednice</strong> <strong>Školskog odbora I. gimnazije</strong> u Zagrebu, Avenija Dubrovnik 36, održane dana 1<strong>2. lipnja 2025. </strong>godine s početkom u <strong>14:00 sati</strong> u prostorijama Škole. <strong>(<a href="https://prva.hr/wp-content/uploads/2026/01/Zakljucci_2_sjednice_SO_2025.docx" target="_blank" rel="noopener">Zaključak preuzmite ovdje</a>)</strong></p>
<p><strong>Zaključci 1. konstituirajuće sjednice</strong> <strong>Školskog odbora I. gimnazije</strong> u Zagrebu, Avenija Dubrovnik 36, održane dana 1<strong>4. ožujka 2025. </strong>godine s početkom u <strong>16:30 sati</strong> u prostorijama Škole. <strong>(<a href="https://prva.hr/wp-content/uploads/2026/01/Zakljucci_1_sjednice_Skolskog.docx" target="_blank" rel="noopener">Zaključak preuzmite ovdje</a>)</strong></p>
<p>[/et_pb_toggle][/et_pb_column][/et_pb_row][/et_pb_section]</p>

<p>1) Meri Matušan, prof. – predsjednica školskog odbora, predstavnica nastavničkog vijeća 2) Suzana Nebeski-Hostić, prof. – predstavnica nastavničkog vijeća 3) Goranka Marković, prof. – predstavnica vijeća radnika 4) Vesna Ozretić – predstavnik vijeća roditelja 5) Mirjana Radaković – predstavnik osnivača 6)  Marija Luić &#8211; predstavnik osnivača 7)  Nino Buić – predstavnik osnivača Obavijest Nino Buić [&hellip;]</p>

1) Meri Matušan, prof. – predsjednica školskog odbora, predstavnica nastavničkog vijeća

2) Suzana Nebeski-Hostić, prof. – predstavnica nastavničkog vijeća

3) Goranka Marković, prof. – predstavnica vijeća radnika

4) Vesna Ozretić – predstavnik vijeća roditelja

5) Mirjana Radaković – predstavnik osnivača

6)  Marija Luić - predstavnik osnivača

7)  Nino Buić – predstavnik osnivača

<a href="https://www.prva.hr/wp-content/uploads/2022/06/Obavijest-Nino-Buić-sukob-interesa.docx">Obavijest Nino Buić sukob interesa</a>
